Last updated on 2024-07-13 11:49:26 CEST.
Flavor | Version | Tinstall | Tcheck | Ttotal | Status | Flags |
---|---|---|---|---|---|---|
r-devel-linux-x86_64-debian-clang | 1.3.5 | 8.10 | 62.80 | 70.90 | NOTE | |
r-devel-linux-x86_64-debian-gcc | 1.3.5 | 6.59 | 47.12 | 53.71 | NOTE | |
r-devel-linux-x86_64-fedora-clang | 1.3.5 | 88.66 | NOTE | |||
r-devel-linux-x86_64-fedora-gcc | 1.3.5 | 80.29 | NOTE | |||
r-devel-windows-x86_64 | 1.3.5 | 7.00 | 70.00 | 77.00 | NOTE | |
r-patched-linux-x86_64 | 1.3.5 | 9.08 | 61.26 | 70.34 | NOTE | |
r-release-linux-x86_64 | 1.3.5 | 7.33 | 59.17 | 66.50 | NOTE | |
r-release-macos-arm64 | 1.3.5 | 24.00 | NOTE | |||
r-release-macos-x86_64 | 1.3.5 | 38.00 | NOTE | |||
r-release-windows-x86_64 | 1.3.5 | 6.00 | 70.00 | 76.00 | NOTE | |
r-oldrel-macos-arm64 | 1.3.5 | 24.00 | NOTE | |||
r-oldrel-macos-x86_64 | 1.3.5 | 35.00 | NOTE | |||
r-oldrel-windows-x86_64 | 1.3.5 | 6.00 | 78.00 | 84.00 | NOTE |
Version: 1.3.5
Check: Rd files
Result: NOTE
checkRd: (-1) simulateSNPs.Rd:46: Escaped LaTeX specials: \& \& \&
checkRd: (-1) simulateSNPs.Rd:80: Escaped LaTeX specials: \& \& \&
Flavors: r-devel-linux-x86_64-debian-clang, r-devel-linux-x86_64-debian-gcc, r-devel-linux-x86_64-fedora-clang, r-devel-linux-x86_64-fedora-gcc, r-devel-windows-x86_64, r-patched-linux-x86_64, r-release-linux-x86_64, r-release-macos-arm64, r-release-macos-x86_64, r-release-windows-x86_64, r-oldrel-macos-arm64, r-oldrel-macos-x86_64, r-oldrel-windows-x86_64
Version: 1.3.5
Check: package dependencies
Result: NOTE
Package suggested but not available for checking: ‘oligoClasses’
Flavors: r-oldrel-macos-arm64, r-oldrel-macos-x86_64