Last updated on 2025-05-17 07:50:32 CEST.
Flavor | Version | Tinstall | Tcheck | Ttotal | Status | Flags |
---|---|---|---|---|---|---|
r-devel-linux-x86_64-debian-clang | 0.1.0 | 3.91 | 23.81 | 27.72 | NOTE | |
r-devel-linux-x86_64-debian-gcc | 0.1.0 | 3.23 | 19.17 | 22.40 | NOTE | |
r-devel-linux-x86_64-fedora-clang | 0.1.0 | 41.66 | OK | |||
r-devel-linux-x86_64-fedora-gcc | 0.1.0 | 39.38 | OK | |||
r-devel-windows-x86_64 | 0.1.0 | 5.00 | 44.00 | 49.00 | OK | |
r-patched-linux-x86_64 | 0.1.0 | 4.27 | 21.87 | 26.14 | OK | |
r-release-linux-x86_64 | 0.1.0 | 3.91 | 21.87 | 25.78 | OK | |
r-release-macos-arm64 | 0.1.0 | 31.00 | OK | |||
r-release-macos-x86_64 | 0.1.0 | 28.00 | OK | |||
r-release-windows-x86_64 | 0.1.0 | 5.00 | 47.00 | 52.00 | OK | |
r-oldrel-macos-arm64 | 0.1.0 | 18.00 | OK | |||
r-oldrel-macos-x86_64 | 0.1.0 | 27.00 | OK | |||
r-oldrel-windows-x86_64 | 0.1.0 | 6.00 | 50.00 | 56.00 | OK |
Version: 0.1.0
Check: CRAN incoming feasibility
Result: NOTE
Maintainer: ‘Andrew Heiss <andrew@andrewheiss.com>’
Found the following (possibly) invalid file URI:
URI: CONDUCT.md
From: README.md
Flavors: r-devel-linux-x86_64-debian-clang, r-devel-linux-x86_64-debian-gcc