CRAN Package Check Results for Package sdam

Last updated on 2025-11-16 06:49:54 CET.

Flavor Version Tinstall Tcheck Ttotal Status Flags
r-devel-linux-x86_64-debian-clang 1.1.4 9.27 304.70 313.97 NOTE
r-devel-linux-x86_64-debian-gcc 1.1.4 6.36 218.52 224.88 NOTE
r-devel-linux-x86_64-fedora-clang 1.1.4 19.00 461.86 480.86 NOTE
r-devel-linux-x86_64-fedora-gcc 1.1.4 25.00 484.63 509.63 NOTE
r-devel-windows-x86_64 1.1.4 14.00 335.00 349.00 NOTE
r-patched-linux-x86_64 1.1.4 10.18 298.97 309.15 NOTE
r-release-linux-x86_64 1.1.4 9.33 297.46 306.79 NOTE
r-release-macos-arm64 1.1.4 5.00 225.00 230.00 NOTE
r-release-macos-x86_64 1.1.4 7.00 304.00 311.00 NOTE
r-release-windows-x86_64 1.1.4 10.00 331.00 341.00 NOTE
r-oldrel-macos-arm64 1.1.4 4.00 173.00 177.00 NOTE
r-oldrel-macos-x86_64 1.1.4 6.00 231.00 237.00 NOTE
r-oldrel-windows-x86_64 1.1.4 10.00 427.00 437.00 NOTE

Check Details

Version: 1.1.4
Check: Rd files
Result: NOTE checkRd: (-1) cln.Rd:27: Lost braces 27 | case for text \code{1} for 1st uppercase, code{2} for lowercase, code{3} for uppercase (optional) | ^ checkRd: (-1) cln.Rd:27: Lost braces 27 | case for text \code{1} for 1st uppercase, code{2} for lowercase, code{3} for uppercase (optional) | ^ Flavors: r-devel-linux-x86_64-debian-clang, r-devel-linux-x86_64-debian-gcc, r-devel-linux-x86_64-fedora-clang, r-devel-linux-x86_64-fedora-gcc, r-devel-windows-x86_64, r-patched-linux-x86_64, r-release-linux-x86_64, r-release-macos-arm64, r-release-macos-x86_64, r-release-windows-x86_64, r-oldrel-macos-arm64, r-oldrel-macos-x86_64, r-oldrel-windows-x86_64

Version: 1.1.4
Check: CRAN incoming feasibility
Result: NOTE Maintainer: ‘Antonio Rivero Ostoic <jaro@cas.au.dk>’ The BugReports field in DESCRIPTION has https://github.com/sdam-au/sdam/issues/ which should likely be https://github.com/sdam-au/sdam/issues/issues instead. Flavor: r-devel-linux-x86_64-debian-gcc