CRAN Package Check Results for Package sdetorus

Last updated on 2025-04-29 13:51:40 CEST.

Flavor Version Tinstall Tcheck Ttotal Status Flags
r-devel-linux-x86_64-debian-clang 0.1.10 110.99 59.37 170.36 NOTE
r-devel-linux-x86_64-debian-gcc 0.1.10 77.23 40.57 117.80 NOTE
r-devel-linux-x86_64-fedora-clang 0.1.10 318.07 OK
r-devel-linux-x86_64-fedora-gcc 0.1.10 306.24 OK
r-devel-windows-x86_64 0.1.10 120.00 110.00 230.00 OK
r-patched-linux-x86_64 0.1.10 111.07 55.14 166.21 OK
r-release-linux-x86_64 0.1.10 108.96 55.20 164.16 OK
r-release-macos-arm64 0.1.10 67.00 OK
r-release-macos-x86_64 0.1.10 91.00 OK
r-release-windows-x86_64 0.1.10 118.00 110.00 228.00 OK
r-oldrel-macos-arm64 0.1.10 68.00 NOTE
r-oldrel-macos-x86_64 0.1.10 76.00 NOTE
r-oldrel-windows-x86_64 0.1.10 132.00 129.00 261.00 OK

Check Details

Version: 0.1.10
Check: CRAN incoming feasibility
Result: NOTE Maintainer: ‘Eduardo García-Portugués <edgarcia@est-econ.uc3m.es>’ The BugReports field in DESCRIPTION has https://github.com/egarpor/sdetorus which should likely be https://github.com/egarpor/sdetorus/issues instead. Flavors: r-devel-linux-x86_64-debian-clang, r-devel-linux-x86_64-debian-gcc

Version: 0.1.10
Check: installed package size
Result: NOTE installed size is 9.7Mb sub-directories of 1Mb or more: libs 8.8Mb Flavors: r-oldrel-macos-arm64, r-oldrel-macos-x86_64