Last updated on 2025-11-16 06:49:54 CET.
| Flavor | Version | Tinstall | Tcheck | Ttotal | Status | Flags |
|---|---|---|---|---|---|---|
| r-devel-linux-x86_64-debian-clang | 0.8.1 | 140.55 | 45.60 | 186.15 | OK | |
| r-devel-linux-x86_64-debian-gcc | 0.8.1 | 88.55 | 35.27 | 123.82 | OK | |
| r-devel-linux-x86_64-fedora-clang | 0.8.1 | 255.00 | 116.52 | 371.52 | OK | |
| r-devel-linux-x86_64-fedora-gcc | 0.8.1 | 206.00 | 117.13 | 323.13 | OK | |
| r-devel-windows-x86_64 | 0.8.1 | 186.00 | 84.00 | 270.00 | OK | |
| r-patched-linux-x86_64 | 0.8.1 | 143.26 | 43.19 | 186.45 | OK | |
| r-release-linux-x86_64 | 0.8.1 | 142.85 | 42.66 | 185.51 | OK | |
| r-release-macos-arm64 | 0.8.1 | 46.00 | 24.00 | 70.00 | OK | |
| r-release-macos-x86_64 | 0.8.1 | 48.00 | 46.00 | 94.00 | OK | |
| r-release-windows-x86_64 | 0.8.1 | 172.00 | 85.00 | 257.00 | OK | |
| r-oldrel-macos-arm64 | 0.8.1 | 47.00 | 30.00 | 77.00 | NOTE | |
| r-oldrel-macos-x86_64 | 0.8.1 | 44.00 | 50.00 | 94.00 | NOTE | |
| r-oldrel-windows-x86_64 | 0.8.1 | 203.00 | 101.00 | 304.00 | OK |
Version: 0.8.1
Check: installed package size
Result: NOTE
installed size is 6.8Mb
sub-directories of 1Mb or more:
libs 6.3Mb
Flavors: r-oldrel-macos-arm64, r-oldrel-macos-x86_64