Last updated on 2024-06-27 16:49:15 CEST.
Flavor | Version | Tinstall | Tcheck | Ttotal | Status | Flags |
---|---|---|---|---|---|---|
r-devel-linux-x86_64-debian-clang | 1.2.2 | OK | ||||
r-devel-linux-x86_64-debian-gcc | 1.2.2 | 31.67 | 324.78 | 356.45 | OK | |
r-devel-linux-x86_64-fedora-clang | 1.2.2 | 610.05 | OK | |||
r-devel-linux-x86_64-fedora-gcc | 1.2.2 | 591.46 | OK | |||
r-devel-windows-x86_64 | 1.2.2 | 31.00 | 311.00 | 342.00 | OK | |
r-patched-linux-x86_64 | 1.2.2 | 42.40 | 438.36 | 480.76 | OK | |
r-release-linux-x86_64 | 1.2.2 | 35.85 | 425.28 | 461.13 | OK | |
r-release-macos-arm64 | 1.2.2 | 138.00 | ERROR | |||
r-release-macos-x86_64 | 1.2.2 | 233.00 | ERROR | |||
r-release-windows-x86_64 | 1.2.2 | 31.00 | 313.00 | 344.00 | OK | |
r-oldrel-macos-arm64 | 1.2.2 | 155.00 | OK | |||
r-oldrel-macos-x86_64 | 1.2.2 | 387.00 | OK | |||
r-oldrel-windows-x86_64 | 1.2.2 | 41.00 | 405.00 | 446.00 | OK |
Version: 1.2.2
Check: re-building of vignette outputs
Result: ERROR
Error(s) in re-building vignettes:
...
--- re-building ‘secrlinear-vignette.Rmd’ using rmarkdown
Quitting from lines 585-611 [secrdesign] (secrlinear-vignette.Rmd)
Error: processing vignette 'secrlinear-vignette.Rmd' failed with diagnostics:
$ operator is invalid for atomic vectors
--- failed re-building ‘secrlinear-vignette.Rmd’
SUMMARY: processing the following file failed:
‘secrlinear-vignette.Rmd’
Error: Vignette re-building failed.
Execution halted
Flavors: r-release-macos-arm64, r-release-macos-x86_64