Last updated on 2025-11-16 12:49:44 CET.
| Flavor | Version | Tinstall | Tcheck | Ttotal | Status | Flags |
|---|---|---|---|---|---|---|
| r-devel-linux-x86_64-debian-clang | 3.5.0 | 87.01 | 137.55 | 224.56 | OK | |
| r-devel-linux-x86_64-debian-gcc | 3.5.0 | 63.43 | 196.60 | 260.03 | NOTE | |
| r-devel-linux-x86_64-fedora-clang | 3.5.0 | 162.00 | 215.10 | 377.10 | OK | |
| r-devel-linux-x86_64-fedora-gcc | 3.5.0 | 188.00 | 225.57 | 413.57 | OK | |
| r-devel-windows-x86_64 | 3.5.0 | 110.00 | 157.00 | 267.00 | OK | |
| r-patched-linux-x86_64 | 3.5.0 | 90.55 | 135.91 | 226.46 | OK | |
| r-release-linux-x86_64 | 3.5.0 | 89.84 | 138.01 | 227.85 | OK | |
| r-release-macos-arm64 | 3.5.0 | 35.00 | 59.00 | 94.00 | OK | |
| r-release-macos-x86_64 | 3.5.0 | 46.00 | 133.00 | 179.00 | OK | |
| r-release-windows-x86_64 | 3.5.0 | 103.00 | 158.00 | 261.00 | OK | |
| r-oldrel-macos-arm64 | 3.5.0 | 34.00 | 62.00 | 96.00 | NOTE | |
| r-oldrel-macos-x86_64 | 3.5.0 | 53.00 | 132.00 | 185.00 | NOTE | |
| r-oldrel-windows-x86_64 | 3.5.0 | 118.00 | 202.00 | 320.00 | OK |
Version: 3.5.0
Check: re-building of vignette outputs
Result: NOTE
Re-building vignettes had CPU time 2.6 times elapsed time
Flavor: r-devel-linux-x86_64-debian-gcc
Version: 3.5.0
Check: installed package size
Result: NOTE
installed size is 12.2Mb
sub-directories of 1Mb or more:
doc 1.4Mb
libs 10.4Mb
Flavors: r-oldrel-macos-arm64, r-oldrel-macos-x86_64