Last updated on 2024-06-27 16:49:15 CEST.
Flavor | Version | Tinstall | Tcheck | Ttotal | Status | Flags |
---|---|---|---|---|---|---|
r-devel-linux-x86_64-debian-clang | 0.5-6 | NOTE | ||||
r-devel-linux-x86_64-debian-gcc | 0.5-6 | 28.73 | 242.12 | 270.85 | NOTE | |
r-devel-linux-x86_64-fedora-clang | 0.5-6 | 474.49 | NOTE | |||
r-devel-linux-x86_64-fedora-gcc | 0.5-6 | 463.41 | NOTE | |||
r-devel-windows-x86_64 | 0.5-6 | 29.00 | 268.00 | 297.00 | NOTE | |
r-patched-linux-x86_64 | 0.5-6 | 41.20 | 334.37 | 375.57 | NOTE | |
r-release-linux-x86_64 | 0.5-6 | 30.10 | 334.12 | 364.22 | NOTE | |
r-release-macos-arm64 | 0.5-6 | 113.00 | NOTE | |||
r-release-macos-x86_64 | 0.5-6 | 204.00 | NOTE | |||
r-release-windows-x86_64 | 0.5-6 | 32.00 | 278.00 | 310.00 | NOTE | |
r-oldrel-macos-arm64 | 0.5-6 | 122.00 | OK | |||
r-oldrel-macos-x86_64 | 0.5-6 | 188.00 | NOTE | |||
r-oldrel-windows-x86_64 | 0.5-6 | 34.00 | 356.00 | 390.00 | OK |
Version: 0.5-6
Check: Rd files
Result: NOTE
checkRd: (-1) PAVranking.Rd:77-79: Lost braces in \itemize; \value handles \item{}{} directly
checkRd: (-1) PAVranking.Rd:80-82: Lost braces in \itemize; \value handles \item{}{} directly
checkRd: (-1) PAVranking.Rd:83-85: Lost braces in \itemize; \value handles \item{}{} directly
checkRd: (-1) PAVranking.Rd:86-87: Lost braces in \itemize; \value handles \item{}{} directly
Flavors: r-devel-linux-x86_64-debian-clang, r-devel-linux-x86_64-debian-gcc, r-devel-linux-x86_64-fedora-clang, r-devel-linux-x86_64-fedora-gcc, r-devel-windows-x86_64, r-patched-linux-x86_64, r-release-linux-x86_64, r-release-macos-arm64, r-release-macos-x86_64, r-release-windows-x86_64
Version: 0.5-6
Check: package dependencies
Result: NOTE
Package suggested but not available for checking: ‘blavaan’
Flavor: r-release-linux-x86_64
Version: 0.5-6
Check: package dependencies
Result: NOTE
Packages suggested but not available for checking: 'blavaan', 'emmeans'
Flavor: r-oldrel-macos-x86_64
Version: 0.5-6
Check: Rd cross-references
Result: NOTE
Package unavailable to check Rd xrefs: ‘blavaan’
Flavor: r-oldrel-macos-x86_64