Last updated on 2025-04-29 13:51:40 CEST.
Flavor | Version | Tinstall | Tcheck | Ttotal | Status | Flags |
---|---|---|---|---|---|---|
r-devel-linux-x86_64-debian-clang | 1.5-3 | 13.37 | 135.56 | 148.93 | NOTE | |
r-devel-linux-x86_64-debian-gcc | 1.5-3 | 9.21 | 92.31 | 101.52 | OK | |
r-devel-linux-x86_64-fedora-clang | 1.5-3 | 241.47 | OK | |||
r-devel-linux-x86_64-fedora-gcc | 1.5-3 | 235.51 | OK | |||
r-devel-windows-x86_64 | 1.5-3 | 16.00 | 185.00 | 201.00 | OK | |
r-patched-linux-x86_64 | 1.5-3 | 14.91 | 131.33 | 146.24 | OK | |
r-release-linux-x86_64 | 1.5-3 | 12.87 | 127.13 | 140.00 | OK | |
r-release-macos-arm64 | 1.5-3 | 88.00 | OK | |||
r-release-macos-x86_64 | 1.5-3 | 167.00 | OK | |||
r-release-windows-x86_64 | 1.5-3 | 16.00 | 184.00 | 200.00 | OK | |
r-oldrel-macos-arm64 | 1.5-3 | 66.00 | OK | |||
r-oldrel-macos-x86_64 | 1.5-3 | 110.00 | OK | |||
r-oldrel-windows-x86_64 | 1.5-3 | 18.00 | 208.00 | 226.00 | OK |
Version: 1.5-3
Check: examples
Result: NOTE
Examples with CPU (user + system) or elapsed time > 5s
user system elapsed
dodPwr 5.973 0.015 6.218
Flavor: r-devel-linux-x86_64-debian-clang