Last updated on 2024-06-27 16:49:15 CEST.
Flavor | Version | Tinstall | Tcheck | Ttotal | Status | Flags |
---|---|---|---|---|---|---|
r-devel-linux-x86_64-debian-clang | 1.2.6 | OK | ||||
r-devel-linux-x86_64-debian-gcc | 1.2.6 | 332.92 | 239.40 | 572.32 | OK | |
r-devel-linux-x86_64-fedora-clang | 1.2.6 | 1261.96 | NOTE | |||
r-devel-linux-x86_64-fedora-gcc | 1.2.6 | 1250.20 | OK | |||
r-devel-windows-x86_64 | 1.2.6 | 370.00 | 329.00 | 699.00 | NOTE | |
r-patched-linux-x86_64 | 1.2.6 | 425.89 | 316.53 | 742.42 | OK | |
r-release-linux-x86_64 | 1.2.6 | 414.27 | 319.11 | 733.38 | OK | |
r-release-macos-arm64 | 1.2.6 | 232.00 | NOTE | |||
r-release-macos-x86_64 | 1.2.6 | 272.00 | WARN | |||
r-release-windows-x86_64 | 1.2.6 | 368.00 | 339.00 | 707.00 | NOTE | |
r-oldrel-macos-arm64 | 1.2.6 | 205.00 | NOTE | |||
r-oldrel-macos-x86_64 | 1.2.6 | 415.00 | NOTE | |||
r-oldrel-windows-x86_64 | 1.2.6 | 460.00 | 377.00 | 837.00 | NOTE |
Version: 1.2.6
Check: installed package size
Result: NOTE
installed size is 8.1Mb
sub-directories of 1Mb or more:
doc 6.4Mb
Flavors: r-devel-linux-x86_64-fedora-clang, r-devel-windows-x86_64, r-release-macos-arm64, r-release-macos-x86_64, r-release-windows-x86_64, r-oldrel-macos-arm64, r-oldrel-macos-x86_64, r-oldrel-windows-x86_64
Version: 1.2.6
Check: re-building of vignette outputs
Result: WARN
Error(s) in re-building vignettes:
--- re-building ‘seqHMM.Rnw’ using knitr
Error: processing vignette 'seqHMM.Rnw' failed with diagnostics:
Running 'texi2dvi' on 'seqHMM.tex' failed.
LaTeX errors:
! Undefined control sequence.
l.555 \hlkwd{library}\hldef
{(}\hlsng{"seqHMM"}\hldef{)}
?
! Emergency stop.
! Emergency stop.
l.555
End of file on the terminal!
! ==> Fatal error occurred, no output PDF file produced!
--- failed re-building ‘seqHMM.Rnw’
--- re-building ‘seqHMM_algorithms.Rnw’ using knitr
--- finished re-building ‘seqHMM_algorithms.Rnw’
--- re-building ‘seqHMM_estimation.Rnw’ using knitr
--- finished re-building ‘seqHMM_estimation.Rnw’
--- re-building ‘seqHMM_visualization.Rnw’ using knitr
Error: processing vignette 'seqHMM_visualization.Rnw' failed with diagnostics:
Running 'texi2dvi' on 'seqHMM_visualization.tex' failed.
LaTeX errors:
! Undefined control sequence.
l.172 \hlkwd{library}\hldef
{(}\hlsng{"seqHMM"}\hldef{)}
?
! Emergency stop.
! Emergency stop.
l.172
End of file on the terminal!
! ==> Fatal error occurred, no output PDF file produced!
--- failed re-building ‘seqHMM_visualization.Rnw’
SUMMARY: processing the following files failed:
‘seqHMM.Rnw’ ‘seqHMM_visualization.Rnw’
Error: Vignette re-building failed.
Execution halted
Flavor: r-release-macos-x86_64