CRAN Package Check Results for Package seqtest

Last updated on 2025-04-29 13:51:40 CEST.

Flavor Version Tinstall Tcheck Ttotal Status Flags
r-devel-linux-x86_64-debian-clang 0.1-0 5.89 31.31 37.20 OK
r-devel-linux-x86_64-debian-gcc 0.1-0 3.81 22.42 26.23 OK
r-devel-linux-x86_64-fedora-clang 0.1-0 59.08 OK
r-devel-linux-x86_64-fedora-gcc 0.1-0 54.06 OK
r-devel-windows-x86_64 0.1-0 6.00 49.00 55.00 OK
r-patched-linux-x86_64 0.1-0 6.07 29.74 35.81 OK
r-release-linux-x86_64 0.1-0 5.18 29.70 34.88 OK
r-release-macos-arm64 0.1-0 22.00 OK
r-release-macos-x86_64 0.1-0 43.00 OK
r-release-windows-x86_64 0.1-0 5.00 49.00 54.00 OK
r-oldrel-macos-arm64 0.1-0 20.00 NOTE
r-oldrel-macos-x86_64 0.1-0 33.00 NOTE
r-oldrel-windows-x86_64 0.1-0 6.00 46.00 52.00 NOTE

Check Details

Version: 0.1-0
Check: LazyData
Result: NOTE 'LazyData' is specified without a 'data' directory Flavors: r-oldrel-macos-arm64, r-oldrel-macos-x86_64, r-oldrel-windows-x86_64