CRAN Package Check Results for Package serrsBayes

Last updated on 2025-04-29 13:51:40 CEST.

Flavor Version Tinstall Tcheck Ttotal Status Flags
r-devel-linux-x86_64-debian-clang 0.5-0 61.20 350.42 411.62 NOTE
r-devel-linux-x86_64-debian-gcc 0.5-0 49.76 255.07 304.83 NOTE
r-devel-linux-x86_64-fedora-clang 0.5-0 691.74 OK
r-devel-linux-x86_64-fedora-gcc 0.5-0 735.05 OK
r-devel-windows-x86_64 0.5-0 63.00 299.00 362.00 OK
r-patched-linux-x86_64 0.5-0 67.00 378.24 445.24 OK
r-release-linux-x86_64 0.5-0 69.67 375.40 445.07 OK
r-release-macos-arm64 0.5-0 232.00 OK
r-release-macos-x86_64 0.5-0 486.00 OK
r-release-windows-x86_64 0.5-0 62.00 349.00 411.00 OK
r-oldrel-macos-arm64 0.5-0 209.00 NOTE
r-oldrel-macos-x86_64 0.5-0 312.00 NOTE
r-oldrel-windows-x86_64 0.5-0 71.00 443.00 514.00 OK

Check Details

Version: 0.5-0
Check: CRAN incoming feasibility
Result: NOTE Maintainer: ‘Matt Moores <mmoores@gmail.com>’ Package CITATION file contains call(s) to old-style personList() or as.personList(). Please use c() on person objects instead. Package CITATION file contains call(s) to old-style citEntry(). Please use bibentry() instead. The Description field contains <arXiv:1604.07299>. Multivariate observations of SERRS are highly Please refer to arXiv e-prints via their arXiv DOI <doi:10.48550/arXiv.YYMM.NNNNN>. Flavors: r-devel-linux-x86_64-debian-clang, r-devel-linux-x86_64-debian-gcc

Version: 0.5-0
Check: installed package size
Result: NOTE installed size is 19.6Mb sub-directories of 1Mb or more: libs 18.3Mb Flavors: r-oldrel-macos-arm64, r-oldrel-macos-x86_64