Last updated on 2025-11-16 18:49:44 CET.
| Flavor | Version | Tinstall | Tcheck | Ttotal | Status | Flags |
|---|---|---|---|---|---|---|
| r-devel-linux-x86_64-debian-clang | 1.7.99 | 1.95 | 27.20 | 29.15 | NOTE | |
| r-devel-linux-x86_64-debian-gcc | 1.7.99 | 1.28 | 23.07 | 24.35 | NOTE | |
| r-devel-linux-x86_64-fedora-clang | 1.7.99 | 44.09 | OK | |||
| r-devel-linux-x86_64-fedora-gcc | 1.7.99 | 55.68 | OK | |||
| r-devel-windows-x86_64 | 1.7.99 | 6.00 | 46.00 | 52.00 | OK | |
| r-patched-linux-x86_64 | 1.7.99 | 1.92 | 24.98 | 26.90 | OK | |
| r-release-linux-x86_64 | 1.7.99 | 1.93 | 25.20 | 27.13 | OK | |
| r-release-macos-arm64 | 1.7.99 | 1.00 | 28.00 | 29.00 | OK | |
| r-release-macos-x86_64 | 1.7.99 | 3.00 | 44.00 | 47.00 | OK | |
| r-release-windows-x86_64 | 1.7.99 | 3.00 | 44.00 | 47.00 | OK | |
| r-oldrel-macos-arm64 | 1.7.99 | 1.00 | 23.00 | 24.00 | OK | |
| r-oldrel-macos-x86_64 | 1.7.99 | 2.00 | 49.00 | 51.00 | OK | |
| r-oldrel-windows-x86_64 | 1.7.99 | 3.00 | 52.00 | 55.00 | OK |
Version: 1.7.99
Check: CRAN incoming feasibility
Result: NOTE
Maintainer: ‘Kevin Titeca <sfinxinteractomics@gmail.com>’
Package CITATION file contains call(s) to old-style personList() or
as.personList(). Please use c() on person objects instead.
Package CITATION file contains call(s) to old-style citEntry(). Please
use bibentry() instead.
Flavors: r-devel-linux-x86_64-debian-clang, r-devel-linux-x86_64-debian-gcc