Last updated on 2025-11-16 12:49:44 CET.
| Flavor | Version | Tinstall | Tcheck | Ttotal | Status | Flags |
|---|---|---|---|---|---|---|
| r-devel-linux-x86_64-debian-clang | 0.6.5 | 9.91 | 250.39 | 260.30 | OK | |
| r-devel-linux-x86_64-debian-gcc | 0.6.5 | 7.59 | 184.22 | 191.81 | NOTE | |
| r-devel-linux-x86_64-fedora-clang | 0.6.5 | 24.00 | 383.83 | 407.83 | OK | |
| r-devel-linux-x86_64-fedora-gcc | 0.6.5 | 25.00 | 384.86 | 409.86 | OK | |
| r-devel-windows-x86_64 | 0.6.5 | 18.00 | 237.00 | 255.00 | OK | |
| r-patched-linux-x86_64 | 0.6.5 | 10.79 | 243.82 | 254.61 | OK | |
| r-release-linux-x86_64 | 0.6.5 | 9.29 | 241.82 | 251.11 | OK | |
| r-release-macos-arm64 | 0.6.5 | 7.00 | 107.00 | 114.00 | OK | |
| r-release-macos-x86_64 | 0.6.5 | 17.00 | 227.00 | 244.00 | OK | |
| r-release-windows-x86_64 | 0.6.5 | 15.00 | 240.00 | 255.00 | OK | |
| r-oldrel-macos-arm64 | 0.6.5 | 7.00 | 103.00 | 110.00 | OK | |
| r-oldrel-macos-x86_64 | 0.6.5 | 13.00 | 210.00 | 223.00 | OK | |
| r-oldrel-windows-x86_64 | 0.6.5 | 22.00 | 317.00 | 339.00 | OK |
Version: 0.6.5
Check: CRAN incoming feasibility
Result: NOTE
Maintainer: ‘Lucas van der Meer <luukvandermeer@live.nl>’
The BugReports field in DESCRIPTION has
https://github.com/luukvdmeer/sfnetworks/issues/
which should likely be
https://github.com/luukvdmeer/sfnetworks/issues/issues
instead.
Flavor: r-devel-linux-x86_64-debian-gcc