Last updated on 2025-11-16 00:48:45 CET.
| Flavor | Version | Tinstall | Tcheck | Ttotal | Status | Flags |
|---|---|---|---|---|---|---|
| r-devel-linux-x86_64-debian-clang | 0.3.1 | 3.94 | 70.72 | 74.66 | OK | |
| r-devel-linux-x86_64-debian-gcc | 0.3.1 | 3.28 | 54.36 | 57.64 | NOTE | |
| r-devel-linux-x86_64-fedora-clang | 0.3.1 | 20.00 | 102.32 | 122.32 | OK | |
| r-devel-linux-x86_64-fedora-gcc | 0.3.1 | 24.00 | 114.64 | 138.64 | OK | |
| r-devel-windows-x86_64 | 0.3.1 | 7.00 | 82.00 | 89.00 | OK | |
| r-patched-linux-x86_64 | 0.3.1 | 4.99 | 68.29 | 73.28 | OK | |
| r-release-linux-x86_64 | 0.3.1 | 4.41 | 69.83 | 74.24 | OK | |
| r-release-macos-arm64 | 0.3.1 | 3.00 | 87.00 | 90.00 | OK | |
| r-release-macos-x86_64 | 0.3.1 | 4.00 | 76.00 | 80.00 | OK | |
| r-release-windows-x86_64 | 0.3.1 | 5.00 | 83.00 | 88.00 | OK | |
| r-oldrel-macos-arm64 | 0.3.1 | 3.00 | 141.00 | 144.00 | OK | |
| r-oldrel-macos-x86_64 | 0.3.1 | 5.00 | 85.00 | 90.00 | OK | |
| r-oldrel-windows-x86_64 | 0.3.1 | 9.00 | 106.00 | 115.00 | OK |
Version: 0.3.1
Check: CRAN incoming feasibility
Result: NOTE
Maintainer: ‘Henning Teickner <henning.teickner@uni-muenster.de>’
The BugReports field in DESCRIPTION has
https://github.com/r-spatial/sftime/issues/
which should likely be
https://github.com/r-spatial/sftime/issues/issues
instead.
Flavor: r-devel-linux-x86_64-debian-gcc