Last updated on 2024-06-27 10:49:42 CEST.
Flavor | Version | Tinstall | Tcheck | Ttotal | Status | Flags |
---|---|---|---|---|---|---|
r-devel-linux-x86_64-debian-clang | 1.4.6 | NOTE | ||||
r-devel-linux-x86_64-debian-gcc | 1.4.6 | 11.42 | 113.70 | 125.12 | NOTE | |
r-devel-linux-x86_64-fedora-clang | 1.4.6 | 221.79 | NOTE | |||
r-devel-linux-x86_64-fedora-gcc | 1.4.6 | 224.20 | NOTE | |||
r-devel-windows-x86_64 | 1.4.6 | 14.00 | 163.00 | 177.00 | NOTE | |
r-patched-linux-x86_64 | 1.4.6 | 22.29 | 145.89 | 168.18 | NOTE | |
r-release-linux-x86_64 | 1.4.6 | 12.02 | 144.75 | 156.77 | NOTE | |
r-release-macos-arm64 | 1.4.6 | 68.00 | NOTE | |||
r-release-macos-x86_64 | 1.4.6 | 97.00 | NOTE | |||
r-release-windows-x86_64 | 1.4.6 | 13.00 | 166.00 | 179.00 | NOTE | |
r-oldrel-macos-arm64 | 1.4.6 | 73.00 | NOTE | |||
r-oldrel-macos-x86_64 | 1.4.6 | 176.00 | NOTE | |||
r-oldrel-windows-x86_64 | 1.4.6 | 18.00 | 197.00 | 215.00 | NOTE |
Version: 1.4.6
Check: package dependencies
Result: NOTE
Package suggested but not available for checking: ‘rCOSA’
Flavors: r-devel-linux-x86_64-debian-clang, r-devel-linux-x86_64-debian-gcc, r-devel-linux-x86_64-fedora-clang, r-devel-linux-x86_64-fedora-gcc, r-devel-windows-x86_64, r-patched-linux-x86_64, r-release-linux-x86_64, r-release-macos-arm64, r-release-macos-x86_64, r-release-windows-x86_64, r-oldrel-macos-arm64, r-oldrel-macos-x86_64, r-oldrel-windows-x86_64
Version: 1.4.6
Check: Rd cross-references
Result: NOTE
Package unavailable to check Rd xrefs: ‘rCOSA’
Flavors: r-devel-linux-x86_64-debian-clang, r-devel-linux-x86_64-debian-gcc, r-devel-linux-x86_64-fedora-clang, r-devel-linux-x86_64-fedora-gcc, r-devel-windows-x86_64, r-patched-linux-x86_64, r-release-linux-x86_64, r-release-macos-arm64, r-release-macos-x86_64, r-release-windows-x86_64, r-oldrel-macos-arm64, r-oldrel-macos-x86_64, r-oldrel-windows-x86_64