CRAN Package Check Results for Package shinyMergely

Last updated on 2025-11-17 19:49:44 CET.

Flavor Version Tinstall Tcheck Ttotal Status Flags
r-devel-linux-x86_64-debian-clang 0.2.0 3.05 30.04 33.09 OK
r-devel-linux-x86_64-debian-gcc 0.2.0 2.38 23.94 26.32 OK
r-devel-linux-x86_64-fedora-clang 0.2.0 52.10 OK
r-devel-linux-x86_64-fedora-gcc 0.2.0 49.99 OK
r-devel-windows-x86_64 0.2.0 13.00 46.00 59.00 OK
r-patched-linux-x86_64 0.2.0 3.34 28.64 31.98 OK
r-release-linux-x86_64 0.2.0 2.91 28.74 31.65 OK
r-release-macos-arm64 0.2.0 2.00 22.00 24.00 OK
r-release-macos-x86_64 0.2.0 4.00 47.00 51.00 OK
r-release-windows-x86_64 0.2.0 12.00 46.00 58.00 OK
r-oldrel-macos-arm64 0.2.0 2.00 19.00 21.00 NOTE
r-oldrel-macos-x86_64 0.2.0 3.00 29.00 32.00 NOTE
r-oldrel-windows-x86_64 0.2.0 14.00 51.00 65.00 OK

Check Details

Version: 0.2.0
Check: package dependencies
Result: NOTE Package suggested but not available for checking: ‘uchardet’ Flavors: r-oldrel-macos-arm64, r-oldrel-macos-x86_64