Last updated on 2025-07-11 09:50:19 CEST.
Flavor | Version | Tinstall | Tcheck | Ttotal | Status | Flags |
---|---|---|---|---|---|---|
r-devel-linux-x86_64-debian-clang | 0.1.0 | 4.03 | 34.96 | 38.99 | NOTE | |
r-devel-linux-x86_64-debian-gcc | 0.1.0 | 3.11 | 29.24 | 32.35 | NOTE | |
r-devel-linux-x86_64-fedora-clang | 0.1.0 | 59.18 | OK | |||
r-devel-linux-x86_64-fedora-gcc | 0.1.0 | 56.07 | OK | |||
r-devel-windows-x86_64 | 0.1.0 | 6.00 | 58.00 | 64.00 | OK | |
r-patched-linux-x86_64 | 0.1.0 | 3.87 | 32.90 | 36.77 | OK | |
r-release-linux-x86_64 | 0.1.0 | 3.41 | 32.99 | 36.40 | OK | |
r-release-macos-arm64 | 0.1.0 | 21.00 | OK | |||
r-release-macos-x86_64 | 0.1.0 | 30.00 | OK | |||
r-release-windows-x86_64 | 0.1.0 | 6.00 | 58.00 | 64.00 | OK | |
r-oldrel-macos-arm64 | 0.1.0 | 21.00 | OK | |||
r-oldrel-macos-x86_64 | 0.1.0 | 33.00 | OK | |||
r-oldrel-windows-x86_64 | 0.1.0 | 8.00 | 64.00 | 72.00 | OK |
Version: 0.1.0
Check: CRAN incoming feasibility
Result: NOTE
Maintainer: ‘Jeff Allen <jeff@trestletech.com>’
No Authors@R field in DESCRIPTION.
Please add one, modifying
Authors@R: c(person(given = "Trestle",
family = "Technology",
role = "aut"),
person(family = "LLC.",
role = "aut"),
person(given = "Jeff",
family = "Allen",
role = "cre",
email = "jeff@trestletech.com"))
as necessary.
Flavors: r-devel-linux-x86_64-debian-clang, r-devel-linux-x86_64-debian-gcc