Last updated on 2024-07-13 05:49:26 CEST.
Flavor | Version | Tinstall | Tcheck | Ttotal | Status | Flags |
---|---|---|---|---|---|---|
r-devel-linux-x86_64-debian-clang | 0.1.0 | 1.28 | 22.42 | 23.70 | NOTE | |
r-devel-linux-x86_64-debian-gcc | 0.1.0 | 1.52 | 17.13 | 18.65 | NOTE | |
r-devel-linux-x86_64-fedora-clang | 0.1.0 | 30.49 | NOTE | |||
r-devel-linux-x86_64-fedora-gcc | 0.1.0 | 42.20 | NOTE | |||
r-devel-windows-x86_64 | 0.1.0 | 2.00 | 40.00 | 42.00 | NOTE | |
r-patched-linux-x86_64 | 0.1.0 | 1.65 | 20.36 | 22.01 | NOTE | |
r-release-linux-x86_64 | 0.1.0 | 1.74 | 20.59 | 22.33 | NOTE | |
r-release-macos-arm64 | 0.1.0 | 20.00 | NOTE | |||
r-release-macos-x86_64 | 0.1.0 | 28.00 | NOTE | |||
r-release-windows-x86_64 | 0.1.0 | 2.00 | 40.00 | 42.00 | NOTE | |
r-oldrel-macos-arm64 | 0.1.0 | 26.00 | NOTE | |||
r-oldrel-macos-x86_64 | 0.1.0 | 37.00 | NOTE | |||
r-oldrel-windows-x86_64 | 0.1.0 | 2.00 | 40.00 | 42.00 | NOTE |
Version: 0.1.0
Check: LazyData
Result: NOTE
'LazyData' is specified without a 'data' directory
Flavors: r-devel-linux-x86_64-debian-clang, r-devel-linux-x86_64-debian-gcc, r-devel-linux-x86_64-fedora-clang, r-devel-linux-x86_64-fedora-gcc, r-devel-windows-x86_64, r-patched-linux-x86_64, r-release-linux-x86_64, r-release-macos-arm64, r-release-macos-x86_64, r-release-windows-x86_64, r-oldrel-macos-arm64, r-oldrel-macos-x86_64, r-oldrel-windows-x86_64
Version: 0.1.0
Check: for non-standard things in the check directory
Result: NOTE
Found the following files/directories:
‘.shiny_run’ ‘shinyShortcut.desktop’
Flavors: r-devel-linux-x86_64-debian-clang, r-devel-linux-x86_64-debian-gcc, r-devel-linux-x86_64-fedora-clang, r-devel-linux-x86_64-fedora-gcc, r-patched-linux-x86_64, r-release-linux-x86_64