CRAN Package Check Results for Package shinyhelper

Last updated on 2025-11-16 00:48:45 CET.

Flavor Version Tinstall Tcheck Ttotal Status Flags
r-devel-linux-x86_64-debian-clang 0.3.2 1.37 19.97 21.34 OK
r-devel-linux-x86_64-debian-gcc 0.3.2 1.45 16.34 17.79 OK
r-devel-linux-x86_64-fedora-clang 0.3.2 31.59 NOTE
r-devel-linux-x86_64-fedora-gcc 0.3.2 31.06 NOTE
r-devel-windows-x86_64 0.3.2 5.00 38.00 43.00 OK
r-patched-linux-x86_64 0.3.2 1.32 18.81 20.13 OK
r-release-linux-x86_64 0.3.2 1.73 18.59 20.32 OK
r-release-macos-arm64 0.3.2 1.00 20.00 21.00 OK
r-release-macos-x86_64 0.3.2 2.00 23.00 25.00 OK
r-release-windows-x86_64 0.3.2 4.00 38.00 42.00 OK
r-oldrel-macos-arm64 0.3.2 1.00 15.00 16.00 OK
r-oldrel-macos-x86_64 0.3.2 2.00 19.00 21.00 OK
r-oldrel-windows-x86_64 0.3.2 4.00 43.00 47.00 OK

Check Details

Version: 0.3.2
Check: dependencies in R code
Result: NOTE Namespace in Imports field not imported from: ‘markdown’ All declared Imports should be used. Flavors: r-devel-linux-x86_64-fedora-clang, r-devel-linux-x86_64-fedora-gcc