Last updated on 2025-04-29 13:51:40 CEST.
Flavor | Version | Tinstall | Tcheck | Ttotal | Status | Flags |
---|---|---|---|---|---|---|
r-devel-linux-x86_64-debian-clang | 1.0.1 | 1.91 | 24.49 | 26.40 | NOTE | |
r-devel-linux-x86_64-debian-gcc | 1.0.1 | 1.44 | 18.12 | 19.56 | OK | |
r-devel-linux-x86_64-fedora-clang | 1.0.1 | 41.83 | OK | |||
r-devel-linux-x86_64-fedora-gcc | 1.0.1 | 38.05 | OK | |||
r-devel-windows-x86_64 | 1.0.1 | 3.00 | 42.00 | 45.00 | OK | |
r-patched-linux-x86_64 | 1.0.1 | 1.95 | 22.73 | 24.68 | OK | |
r-release-linux-x86_64 | 1.0.1 | 1.88 | 22.56 | 24.44 | OK | |
r-release-macos-arm64 | 1.0.1 | 18.00 | OK | |||
r-release-macos-x86_64 | 1.0.1 | 33.00 | OK | |||
r-release-windows-x86_64 | 1.0.1 | 3.00 | 44.00 | 47.00 | OK | |
r-oldrel-macos-arm64 | 1.0.1 | 21.00 | OK | |||
r-oldrel-macos-x86_64 | 1.0.1 | 36.00 | OK | |||
r-oldrel-windows-x86_64 | 1.0.1 | 4.00 | 44.00 | 48.00 | OK |
Version: 1.0.1
Check: examples
Result: NOTE
Examples with CPU (user + system) or elapsed time > 5s
user system elapsed
shortr 5.727 0.008 7.393
Flavor: r-devel-linux-x86_64-debian-clang