CRAN Package Check Results for Package simStateSpace

Last updated on 2025-10-02 04:51:16 CEST.

Flavor Version Tinstall Tcheck Ttotal Status Flags
r-devel-linux-x86_64-debian-clang 1.2.11 39.26 56.75 96.01 OK
r-devel-linux-x86_64-debian-gcc 1.2.11 26.64 43.48 70.12 OK
r-devel-linux-x86_64-fedora-clang 1.2.11 161.23 OK
r-devel-linux-x86_64-fedora-gcc 1.2.11 201.16 OK
r-devel-windows-x86_64 1.2.11 38.00 100.00 138.00 OK
r-patched-linux-x86_64 1.2.11 43.26 58.74 102.00 OK
r-release-linux-x86_64 1.2.10 33.55 38.57 72.12 WARN
r-release-macos-arm64 1.2.11 38.00 OK
r-release-macos-x86_64 1.2.11 154.00 OK
r-release-windows-x86_64 1.2.11 43.00 104.00 147.00 OK
r-oldrel-macos-arm64 1.2.10 50.00 NOTE
r-oldrel-macos-x86_64 1.2.11 160.00 NOTE
r-oldrel-windows-x86_64 1.2.11 50.00 119.00 169.00 OK

Check Details

Version: 1.2.10
Check: whether package can be installed
Result: WARN Found the following significant warnings: source.cpp:1285:12: warning: ‘bool arma::syl(Mat<typename T1::elem_type>&, const Base<typename T1::elem_type, T1>&, const Base<typename T1::elem_type, T2>&, const Base<typename parent::elem_type, T2>&, const typename arma_blas_real_or_cx_only<typename T1::elem_type>::result*) [with T1 = Mat<double>; T2 = Op<Mat<double>, op_htrans>; T3 = Mat<double>; typename T1::elem_type = double; typename T1::elem_type = double; typename parent::elem_type = double; typename arma_blas_real_or_cx_only<typename T1::elem_type>::result = double; typename T1::elem_type = double]’ is deprecated: use sylvester() instead [-Wdeprecated-declarations] source.cpp:1298:12: warning: ‘bool arma::syl(Mat<typename T1::elem_type>&, const Base<typename T1::elem_type, T1>&, const Base<typename T1::elem_type, T2>&, const Base<typename parent::elem_type, T2>&, const typename arma_blas_real_or_cx_only<typename T1::elem_type>::result*) [with T1 = Mat<double>; T2 = Mat<double>; T3 = Mat<double>; typename T1::elem_type = double; typename T1::elem_type = double; typename parent::elem_type = double; typename arma_blas_real_or_cx_only<typename T1::elem_type>::result = double; typename T1::elem_type = double]’ is deprecated: use sylvester() instead [-Wdeprecated-declarations] See ‘/home/hornik/tmp/R.check/r-release-gcc/Work/PKGS/simStateSpace.Rcheck/00install.out’ for details. * used C++ compiler: ‘g++-14 (Debian 14.3.0-8) 14.3.0’ Flavor: r-release-linux-x86_64

Version: 1.2.10
Check: installed package size
Result: NOTE installed size is 5.1Mb sub-directories of 1Mb or more: libs 4.8Mb Flavor: r-oldrel-macos-arm64

Version: 1.2.11
Check: installed package size
Result: NOTE installed size is 6.2Mb sub-directories of 1Mb or more: libs 5.9Mb Flavor: r-oldrel-macos-x86_64