Last updated on 2025-04-29 19:50:47 CEST.
Flavor | Version | Tinstall | Tcheck | Ttotal | Status | Flags |
---|---|---|---|---|---|---|
r-devel-linux-x86_64-debian-clang | 1.3.0 | 12.42 | 55.60 | 68.02 | NOTE | |
r-devel-linux-x86_64-debian-gcc | 1.3.0 | 7.17 | 38.23 | 45.40 | NOTE | |
r-devel-linux-x86_64-fedora-clang | 1.3.0 | 117.07 | OK | |||
r-devel-linux-x86_64-fedora-gcc | 1.3.0 | 114.03 | OK | |||
r-devel-windows-x86_64 | 1.3.0 | 10.00 | 67.00 | 77.00 | OK | |
r-patched-linux-x86_64 | 1.3.0 | 10.64 | 50.76 | 61.40 | OK | |
r-release-linux-x86_64 | 1.3.0 | 9.16 | 51.90 | 61.06 | OK | |
r-release-macos-arm64 | 1.3.0 | 35.00 | OK | |||
r-release-macos-x86_64 | 1.3.0 | 66.00 | OK | |||
r-release-windows-x86_64 | 1.3.0 | 11.00 | 77.00 | 88.00 | OK | |
r-oldrel-macos-arm64 | 1.3.0 | 33.00 | OK | |||
r-oldrel-macos-x86_64 | 1.3.0 | 54.00 | OK | |||
r-oldrel-windows-x86_64 | 1.3.0 | 13.00 | 79.00 | 92.00 | OK |
Version: 1.3.0
Check: CRAN incoming feasibility
Result: NOTE
Maintainer: ‘Samuel Fernandes <samuelf@illinois.edu>’
Package CITATION file contains call(s) to old-style citEntry(). Please
use bibentry() instead.
Flavors: r-devel-linux-x86_64-debian-clang, r-devel-linux-x86_64-debian-gcc