Last updated on 2025-10-31 14:49:53 CET.
| Flavor | Version | Tinstall | Tcheck | Ttotal | Status | Flags | 
|---|---|---|---|---|---|---|
| r-devel-linux-x86_64-debian-clang | 0.0.1 | 2.41 | 39.76 | 42.17 | NOTE | |
| r-devel-linux-x86_64-debian-gcc | 0.0.1 | 1.56 | 28.73 | 30.29 | NOTE | |
| r-devel-linux-x86_64-fedora-clang | 0.0.1 | 62.42 | OK | |||
| r-devel-linux-x86_64-fedora-gcc | 0.0.1 | 57.74 | OK | |||
| r-devel-windows-x86_64 | 0.0.1 | 4.00 | 55.00 | 59.00 | OK | |
| r-patched-linux-x86_64 | 0.0.1 | 2.55 | 36.16 | 38.71 | OK | |
| r-release-linux-x86_64 | 0.0.1 | 2.43 | 36.29 | 38.72 | OK | |
| r-release-macos-arm64 | 0.0.1 | 1.00 | 23.00 | 24.00 | OK | |
| r-release-macos-x86_64 | 0.0.1 | 2.00 | 47.00 | 49.00 | OK | |
| r-release-windows-x86_64 | 0.0.1 | 4.00 | 57.00 | 61.00 | OK | |
| r-oldrel-macos-arm64 | 0.0.1 | 2.00 | 20.00 | 22.00 | OK | |
| r-oldrel-macos-x86_64 | 0.0.1 | 2.00 | 32.00 | 34.00 | OK | |
| r-oldrel-windows-x86_64 | 0.0.1 | 6.00 | 70.00 | 76.00 | OK | 
Version: 0.0.1
Check: CRAN incoming feasibility
Result: NOTE
  Maintainer: ‘Alexander Mercier <amercier@g.harvard.edu>’
  
  The Description field contains
    (2009)<arXiv:0803.0929>.  Koutis I., Levin, A., Peng, R.
    (2013)<arXiv:1209.5821>. Toivonen, H., Mahler, S., Zhou, F.
  Please refer to arXiv e-prints via their arXiv DOI <doi:10.48550/arXiv.YYMM.NNNNN>.
Flavors: r-devel-linux-x86_64-debian-clang, r-devel-linux-x86_64-debian-gcc