CRAN Package Check Results for Package simpr

Last updated on 2025-11-16 06:49:55 CET.

Flavor Version Tinstall Tcheck Ttotal Status Flags
r-devel-linux-x86_64-debian-clang 0.2.6 6.94 188.04 194.98 OK
r-devel-linux-x86_64-debian-gcc 0.2.6 4.46 117.83 122.29 NOTE
r-devel-linux-x86_64-fedora-clang 0.2.6 20.00 286.45 306.45 OK
r-devel-linux-x86_64-fedora-gcc 0.2.6 29.00 314.39 343.39 OK
r-devel-windows-x86_64 0.2.6 8.00 178.00 186.00 OK
r-patched-linux-x86_64 0.2.6 7.18 177.09 184.27 OK
r-release-linux-x86_64 0.2.6 5.94 176.09 182.03 OK
r-release-macos-arm64 0.2.6 3.00 61.00 64.00 OK
r-release-macos-x86_64 0.2.6 6.00 112.00 118.00 OK
r-release-windows-x86_64 0.2.6 10.00 172.00 182.00 OK
r-oldrel-macos-arm64 0.2.6 3.00 55.00 58.00 OK
r-oldrel-macos-x86_64 0.2.6 4.00 79.00 83.00 OK
r-oldrel-windows-x86_64 0.2.6 10.00 225.00 235.00 OK

Check Details

Version: 0.2.6
Check: CRAN incoming feasibility
Result: NOTE Maintainer: ‘Ethan Brown <brow3821@umn.edu>’ The BugReports field in DESCRIPTION has https://github.com/statisfactions/simpr/issues/ which should likely be https://github.com/statisfactions/simpr/issues/issues instead. Flavor: r-devel-linux-x86_64-debian-gcc