Last updated on 2025-11-16 00:48:46 CET.
| Flavor | Version | Tinstall | Tcheck | Ttotal | Status | Flags |
|---|---|---|---|---|---|---|
| r-devel-linux-x86_64-debian-clang | 0.2.3 | 40.86 | 456.40 | 497.26 | OK | |
| r-devel-linux-x86_64-debian-gcc | 0.2.3 | 20.01 | 300.25 | 320.26 | NOTE | |
| r-devel-linux-x86_64-fedora-clang | 0.2.3 | 90.00 | 737.55 | 827.55 | OK | |
| r-devel-linux-x86_64-fedora-gcc | 0.2.3 | 217.00 | 621.12 | 838.12 | OK | |
| r-devel-windows-x86_64 | 0.2.3 | 37.00 | 476.00 | 513.00 | OK | |
| r-patched-linux-x86_64 | 0.2.3 | 36.95 | 417.80 | 454.75 | OK | |
| r-release-linux-x86_64 | 0.2.3 | 38.16 | 415.14 | 453.30 | OK | |
| r-release-macos-arm64 | 0.2.3 | 14.00 | 184.00 | 198.00 | OK | |
| r-release-macos-x86_64 | 0.2.3 | 37.00 | 356.00 | 393.00 | OK | |
| r-release-windows-x86_64 | 0.2.3 | 34.00 | 476.00 | 510.00 | OK | |
| r-oldrel-macos-arm64 | 0.2.3 | 13.00 | 186.00 | 199.00 | OK | |
| r-oldrel-macos-x86_64 | 0.2.3 | 41.00 | 430.00 | 471.00 | OK | |
| r-oldrel-windows-x86_64 | 0.2.3 | 53.00 | 605.00 | 658.00 | OK |
Version: 0.2.3
Check: HTML version of manual
Result: NOTE
Found the following HTML validation problems:
singleRcapture.html:839:1 (controlMethod.Rd:109): Warning: <script> anchor "MathJax-script" already defined
singleRcapture.html:1037:1 (controlPopVar.Rd:81): Warning: <script> anchor "MathJax-script" already defined
singleRcapture.html:1627:1 (estimatePopsize.Rd:475): Warning: <script> anchor "MathJax-script" already defined
singleRcapture.html:1865:1 (estimatePopsizeFit.Rd:52): Warning: <script> anchor "MathJax-script" already defined
singleRcapture.html:2224:1 (marginalFreq.Rd:50): Warning: <script> anchor "MathJax-script" already defined
singleRcapture.html:2643:1 (predict.singleRStaticCountData.Rd:65): Warning: <script> anchor "MathJax-script" already defined
singleRcapture.html:2756:1 (redoPopEstimation.Rd:58): Warning: <script> anchor "MathJax-script" already defined
singleRcapture.html:2890:1 (regDiagSingleR.Rd:97): Warning: <script> anchor "MathJax-script" already defined
singleRcapture.html:3232:1 (stratifyPopsize.Rd:58): Warning: <script> anchor "MathJax-script" already defined
singleRcapture.html:3361:1 (summary.singleRStaticCountData.Rd:81): Warning: <script> anchor "MathJax-script" already defined
singleRcapture.html:3438:1 (summary.singleRmargin.Rd:27): Warning: <script> anchor "MathJax-script" already defined
singleRcapture.html:3544:1 (vcov.singleRStaticCountData.Rd:25): Warning: <script> anchor "MathJax-script" already defined
Flavor: r-devel-linux-x86_64-debian-gcc