Last updated on 2025-11-16 12:49:44 CET.
| Flavor | Version | Tinstall | Tcheck | Ttotal | Status | Flags |
|---|---|---|---|---|---|---|
| r-devel-linux-x86_64-debian-clang | 2.3-3 | 30.26 | 231.56 | 261.82 | NOTE | |
| r-devel-linux-x86_64-debian-gcc | 2.3-3 | 20.92 | 149.73 | 170.65 | NOTE | |
| r-devel-linux-x86_64-fedora-clang | 2.3-3 | 148.00 | 310.19 | 458.19 | OK | |
| r-devel-linux-x86_64-fedora-gcc | 2.3-3 | 153.00 | 285.61 | 438.61 | OK | |
| r-devel-windows-x86_64 | 2.3-3 | 29.00 | 185.00 | 214.00 | NOTE | |
| r-patched-linux-x86_64 | 2.3-3 | 30.02 | 225.11 | 255.13 | OK | |
| r-release-linux-x86_64 | 2.3-3 | 27.20 | 223.58 | 250.78 | OK | |
| r-release-macos-arm64 | 2.3-3 | 13.00 | 77.00 | 90.00 | OK | |
| r-release-macos-x86_64 | 2.3-3 | 28.00 | 183.00 | 211.00 | OK | |
| r-release-windows-x86_64 | 2.3-3 | 28.00 | 183.00 | 211.00 | OK | |
| r-oldrel-macos-arm64 | 2.3-3 | 12.00 | 73.00 | 85.00 | OK | |
| r-oldrel-macos-x86_64 | 2.3-3 | 18.00 | 116.00 | 134.00 | OK | |
| r-oldrel-windows-x86_64 | 2.3-3 | 40.00 | 252.00 | 292.00 | OK |
Version: 2.3-3
Check: CRAN incoming feasibility
Result: NOTE
Maintainer: ‘Jedrzej S. Bojanowski <jedrzej.bojanowski@gmail.com>’
No Authors@R field in DESCRIPTION.
Please add one, modifying
Authors@R: person(given = c("Jedrzej", "S."),
family = "Bojanowski",
role = c("aut", "cre"),
email = "jedrzej.bojanowski@gmail.com")
as necessary.
Flavors: r-devel-linux-x86_64-debian-clang, r-devel-linux-x86_64-debian-gcc
Version: 2.3-3
Check: Rd files
Result: NOTE
checkRd: (-1) Metdata.Rd:12-27: Only 4 columns allowed in this table (row 6 has 1)
Flavors: r-devel-linux-x86_64-debian-clang, r-devel-windows-x86_64