Last updated on 2025-11-16 18:49:45 CET.
| Flavor | Version | Tinstall | Tcheck | Ttotal | Status | Flags |
|---|---|---|---|---|---|---|
| r-devel-linux-x86_64-debian-clang | 4.2-133 | 247.26 | 344.20 | 591.46 | OK | |
| r-devel-linux-x86_64-debian-gcc | 4.2-133 | 150.94 | 225.88 | 376.82 | OK | |
| r-devel-linux-x86_64-fedora-clang | 4.2-133 | 900.00 | 180.92 | 1080.92 | OK | |
| r-devel-linux-x86_64-fedora-gcc | 4.2-133 | 1140.00 | -100.77 | 1039.23 | OK | |
| r-devel-windows-x86_64 | 4.2-133 | 308.00 | 362.00 | 670.00 | OK | |
| r-patched-linux-x86_64 | 4.2-133 | 248.00 | 330.12 | 578.12 | OK | |
| r-release-linux-x86_64 | 4.2-133 | 253.09 | 334.31 | 587.40 | OK | |
| r-release-macos-arm64 | 4.2-133 | 89.00 | 161.00 | 250.00 | OK | |
| r-release-macos-x86_64 | 4.2-133 | 248.00 | 556.00 | 804.00 | OK | |
| r-release-windows-x86_64 | 4.2-133 | 271.00 | 360.00 | 631.00 | OK | |
| r-oldrel-macos-arm64 | 4.2-133 | 78.00 | 124.00 | 202.00 | NOTE | |
| r-oldrel-macos-x86_64 | 4.2-133 | 218.00 | 532.00 | 750.00 | NOTE | |
| r-oldrel-windows-x86_64 | 4.2-133 | 333.00 | 457.00 | 790.00 | NOTE |
Version: 4.2-133
Check: installed package size
Result: NOTE
installed size is 18.2Mb
sub-directories of 1Mb or more:
R 3.1Mb
data 4.9Mb
libs 9.1Mb
Flavors: r-oldrel-macos-arm64, r-oldrel-macos-x86_64, r-oldrel-windows-x86_64