Last updated on 2025-10-25 00:49:49 CEST.
| Flavor | Version | Tinstall | Tcheck | Ttotal | Status | Flags |
|---|---|---|---|---|---|---|
| r-devel-linux-x86_64-debian-clang | 0.2.0 | 6.57 | 53.71 | 60.28 | OK | |
| r-devel-linux-x86_64-debian-gcc | 0.2.0 | 4.12 | 38.98 | 43.10 | OK | |
| r-devel-linux-x86_64-fedora-clang | 0.2.0 | 34.00 | 60.38 | 94.38 | NOTE | |
| r-devel-linux-x86_64-fedora-gcc | 0.2.0 | 16.00 | 70.04 | 86.04 | NOTE | |
| r-devel-windows-x86_64 | 0.2.0 | 10.00 | 65.00 | 75.00 | OK | |
| r-patched-linux-x86_64 | 0.2.0 | 6.32 | 47.86 | 54.18 | OK | |
| r-release-linux-x86_64 | 0.2.0 | 5.68 | 48.29 | 53.97 | OK | |
| r-release-macos-arm64 | 0.2.0 | 3.00 | 27.00 | 30.00 | OK | |
| r-release-macos-x86_64 | 0.2.0 | 6.00 | 43.00 | 49.00 | OK | |
| r-release-windows-x86_64 | 0.2.0 | 10.00 | 66.00 | 76.00 | OK | |
| r-oldrel-macos-arm64 | 0.2.0 | 3.00 | 26.00 | 29.00 | NOTE | |
| r-oldrel-macos-x86_64 | 0.2.0 | 7.00 | 42.00 | 49.00 | NOTE | |
| r-oldrel-windows-x86_64 | 0.2.0 | 13.00 | 79.00 | 92.00 | NOTE |
Version: 0.2.0
Check: dependencies in R code
Result: NOTE
Namespace in Imports field not imported from: ‘stringi’
All declared Imports should be used.
Flavors: r-devel-linux-x86_64-fedora-clang, r-devel-linux-x86_64-fedora-gcc
Version: 0.2.0
Check: LazyData
Result: NOTE
'LazyData' is specified without a 'data' directory
Flavors: r-oldrel-macos-arm64, r-oldrel-macos-x86_64, r-oldrel-windows-x86_64