Last updated on 2025-04-29 19:50:47 CEST.
Flavor | Version | Tinstall | Tcheck | Ttotal | Status | Flags |
---|---|---|---|---|---|---|
r-devel-linux-x86_64-debian-clang | 2.8.17 | 18.64 | 334.74 | 353.38 | NOTE | |
r-devel-linux-x86_64-debian-gcc | 2.8.17 | 13.22 | 226.74 | 239.96 | OK | |
r-devel-linux-x86_64-fedora-clang | 2.8.17 | 566.39 | OK | |||
r-devel-linux-x86_64-fedora-gcc | 2.8.17 | 662.80 | OK | |||
r-devel-windows-x86_64 | 2.8.17 | 16.00 | 300.00 | 316.00 | OK | |
r-patched-linux-x86_64 | 2.8.17 | 21.72 | 315.82 | 337.54 | OK | |
r-release-linux-x86_64 | 2.8.17 | 18.31 | 318.15 | 336.46 | OK | |
r-release-macos-arm64 | 2.8.17 | 168.00 | OK | |||
r-release-macos-x86_64 | 2.8.17 | 365.00 | OK | |||
r-release-windows-x86_64 | 2.8.17 | 25.00 | 291.00 | 316.00 | OK | |
r-oldrel-macos-arm64 | 2.8.17 | 174.00 | OK | |||
r-oldrel-macos-x86_64 | 2.8.17 | 340.00 | OK | |||
r-oldrel-windows-x86_64 | 2.8.17 | 26.00 | 390.00 | 416.00 | OK |
Version: 2.8.17
Check: examples
Result: NOTE
Examples with CPU (user + system) or elapsed time > 5s
user system elapsed
plot_grpfrq 5.437 0.098 6.354
Flavor: r-devel-linux-x86_64-debian-clang