CRAN Package Check Results for Package slurmR

Last updated on 2025-04-29 19:50:47 CEST.

Flavor Version Tinstall Tcheck Ttotal Status Flags
r-devel-linux-x86_64-debian-clang 0.5-4 3.94 40.20 44.14 NOTE
r-devel-linux-x86_64-debian-gcc 0.5-4 2.45 30.97 33.42 NOTE
r-devel-linux-x86_64-fedora-clang 0.5-4 65.50 OK
r-devel-linux-x86_64-fedora-gcc 0.5-4 78.12 OK
r-devel-windows-x86_64 0.5-4 4.00 60.00 64.00 OK
r-patched-linux-x86_64 0.5-4 4.63 36.91 41.54 OK
r-release-linux-x86_64 0.5-4 3.10 36.59 39.69 OK
r-release-macos-arm64 0.5-4 45.00 OK
r-release-macos-x86_64 0.5-4 74.00 OK
r-release-windows-x86_64 0.5-4 5.00 65.00 70.00 OK
r-oldrel-macos-arm64 0.5-4 43.00 OK
r-oldrel-macos-x86_64 0.5-4 55.00 OK
r-oldrel-windows-x86_64 0.5-4 4.00 62.00 66.00 OK

Check Details

Version: 0.5-4
Check: DESCRIPTION meta-information
Result: NOTE Author field differs from that derived from Authors@R Author: ‘George Vega Yon [aut, cre] (<https://orcid.org/0000-0002-3171-0844>), Paul Marjoram [ctb, ths] (<https://orcid.org/0000-0003-0824-7449>), National Cancer Institute (NCI) [fnd] (Grant Number 5P01CA196569-02), Michael Schubert [rev] (JOSS reviewer, <https://orcid.org/0000-0002-6862-5221>), Michel Lang [rev] (JOSS reviewer, <https://orcid.org/0000-0001-9754-0393>)’ Authors@R: ‘George Vega Yon [aut, cre] (ORCID: <https://orcid.org/0000-0002-3171-0844>), Paul Marjoram [ctb, ths] (ORCID: <https://orcid.org/0000-0003-0824-7449>), National Cancer Institute (NCI) [fnd] (Grant Number 5P01CA196569-02), Michael Schubert [rev] (what: JOSS reviewer, ORCID: <https://orcid.org/0000-0002-6862-5221>), Michel Lang [rev] (what: JOSS reviewer, ORCID: <https://orcid.org/0000-0001-9754-0393>)’ Flavors: r-devel-linux-x86_64-debian-clang, r-devel-linux-x86_64-debian-gcc