Last updated on 2024-07-13 05:49:27 CEST.
Flavor | Version | Tinstall | Tcheck | Ttotal | Status | Flags |
---|---|---|---|---|---|---|
r-devel-linux-x86_64-debian-clang | 2.6 | 4.41 | 107.83 | 112.24 | NOTE | |
r-devel-linux-x86_64-debian-gcc | 2.6 | 3.54 | 78.99 | 82.53 | NOTE | |
r-devel-linux-x86_64-fedora-clang | 2.6 | 140.34 | NOTE | |||
r-devel-linux-x86_64-fedora-gcc | 2.6 | 151.57 | NOTE | |||
r-devel-windows-x86_64 | 2.6 | 6.00 | 121.00 | 127.00 | NOTE | |
r-patched-linux-x86_64 | 2.6 | 9.88 | 105.00 | 114.88 | NOTE | |
r-release-linux-x86_64 | 2.6 | 3.41 | 102.49 | 105.90 | NOTE | |
r-release-macos-arm64 | 2.6 | 56.00 | OK | |||
r-release-macos-x86_64 | 2.6 | 82.00 | OK | |||
r-release-windows-x86_64 | 2.6 | 6.00 | 125.00 | 131.00 | NOTE | |
r-oldrel-macos-arm64 | 2.6 | 53.00 | OK | |||
r-oldrel-macos-x86_64 | 2.6 | 174.00 | OK | |||
r-oldrel-windows-x86_64 | 2.6 | 7.00 | 133.00 | 140.00 | OK |
Version: 2.6
Check: HTML version of manual
Result: NOTE
Found the following HTML validation problems:
print.spscan.html:49:1 (print.spscan.Rd:15): Warning: trimming empty <dt>
summary.spscan.html:48:1 (summary.spscan.Rd:15): Warning: trimming empty <dt>
Flavors: r-devel-linux-x86_64-debian-clang, r-devel-linux-x86_64-debian-gcc, r-devel-linux-x86_64-fedora-clang, r-devel-linux-x86_64-fedora-gcc, r-devel-windows-x86_64, r-patched-linux-x86_64, r-release-linux-x86_64, r-release-windows-x86_64
Version: 2.6
Check: Rd cross-references
Result: NOTE
Found the following Rd file(s) with Rd \link{} targets missing package
anchors:
logrr.Rd: pixellate.ppp
spdensity.Rd: pixellate.ppp
Please provide package anchors for all Rd \link{} targets not in the
package itself and the base packages.
Flavor: r-devel-windows-x86_64