Last updated on 2025-04-29 13:51:41 CEST.
Flavor | Version | Tinstall | Tcheck | Ttotal | Status | Flags |
---|---|---|---|---|---|---|
r-devel-linux-x86_64-debian-clang | 1.2 | 1.40 | 22.28 | 23.68 | NOTE | |
r-devel-linux-x86_64-debian-gcc | 1.2 | 1.14 | 18.14 | 19.28 | NOTE | |
r-devel-linux-x86_64-fedora-clang | 1.2 | 37.03 | NOTE | |||
r-devel-linux-x86_64-fedora-gcc | 1.2 | 35.91 | NOTE | |||
r-devel-windows-x86_64 | 1.2 | 3.00 | 46.00 | 49.00 | NOTE | |
r-patched-linux-x86_64 | 1.2 | 1.78 | 21.00 | 22.78 | NOTE | |
r-release-linux-x86_64 | 1.2 | 1.35 | 21.45 | 22.80 | NOTE | |
r-release-macos-arm64 | 1.2 | 19.00 | NOTE | |||
r-release-macos-x86_64 | 1.2 | 37.00 | NOTE | |||
r-release-windows-x86_64 | 1.2 | 2.00 | 48.00 | 50.00 | NOTE | |
r-oldrel-macos-arm64 | 1.2 | 18.00 | NOTE | |||
r-oldrel-macos-x86_64 | 1.2 | 24.00 | NOTE | |||
r-oldrel-windows-x86_64 | 1.2 | 2.00 | 45.00 | 47.00 | NOTE |
Version: 1.2
Check: CRAN incoming feasibility
Result: NOTE
Maintainer: ‘Ed Merkle <merklee@missouri.edu>’
No Authors@R field in DESCRIPTION.
Please add one, modifying
Authors@R: c(person(given = "Ed",
family = "Merkle",
role = c("aut", "cre"),
email = "merklee@missouri.edu"),
person(given = "Michael",
family = "Smithson",
role = "aut"))
as necessary.
Flavors: r-devel-linux-x86_64-debian-clang, r-devel-linux-x86_64-debian-gcc
Version: 1.2
Check: Rd files
Result: NOTE
checkRd: (-1) trlong.Rd:17: Lost braces
17 | \item{\code{resp}}{a factor indicating the transport mode choice, and \code{B} denotes taking the bus, code{D} denotes driving one's own vehicle, \code{F} denotes getting a ride with a friend, \code{O} denotes other, and \code{W} denotes walking}
| ^
Flavors: r-devel-linux-x86_64-debian-clang, r-devel-linux-x86_64-debian-gcc, r-devel-linux-x86_64-fedora-clang, r-devel-linux-x86_64-fedora-gcc, r-devel-windows-x86_64, r-patched-linux-x86_64, r-release-linux-x86_64, r-release-macos-arm64, r-release-macos-x86_64, r-release-windows-x86_64, r-oldrel-macos-arm64, r-oldrel-macos-x86_64, r-oldrel-windows-x86_64