Last updated on 2025-05-17 07:50:34 CEST.
Flavor | Version | Tinstall | Tcheck | Ttotal | Status | Flags |
---|---|---|---|---|---|---|
r-devel-linux-x86_64-debian-clang | 1.0.3 | 34.77 | 83.96 | 118.73 | NOTE | |
r-devel-linux-x86_64-debian-gcc | 1.0.3 | 28.61 | 59.18 | 87.79 | NOTE | |
r-devel-linux-x86_64-fedora-clang | 1.0.3 | 207.63 | NOTE | |||
r-devel-linux-x86_64-fedora-gcc | 1.0.3 | 235.44 | NOTE | |||
r-devel-windows-x86_64 | 1.0.3 | 46.00 | 121.00 | 167.00 | NOTE | |
r-patched-linux-x86_64 | 1.0.3 | 41.00 | 78.94 | 119.94 | NOTE | |
r-release-linux-x86_64 | 1.0.3 | 41.98 | 78.26 | 120.24 | NOTE | |
r-release-macos-arm64 | 1.0.3 | 61.00 | NOTE | |||
r-release-macos-x86_64 | 1.0.3 | 103.00 | NOTE | |||
r-release-windows-x86_64 | 1.0.3 | 48.00 | 119.00 | 167.00 | NOTE | |
r-oldrel-macos-arm64 | 1.0.3 | 56.00 | NOTE | |||
r-oldrel-macos-x86_64 | 1.0.3 | 81.00 | NOTE | |||
r-oldrel-windows-x86_64 | 1.0.3 | 52.00 | 141.00 | 193.00 | NOTE |
Version: 1.0.3
Check: C++ specification
Result: NOTE
Specified C++11: please drop specification unless essential
Flavors: r-devel-linux-x86_64-debian-clang, r-devel-linux-x86_64-debian-gcc, r-devel-linux-x86_64-fedora-clang, r-devel-linux-x86_64-fedora-gcc, r-devel-windows-x86_64, r-patched-linux-x86_64, r-release-linux-x86_64, r-release-macos-arm64, r-release-macos-x86_64, r-release-windows-x86_64, r-oldrel-macos-arm64, r-oldrel-macos-x86_64, r-oldrel-windows-x86_64
Version: 1.0.3
Check: Rd files
Result: NOTE
checkRd: (-1) getKernel.Rd:25-26: Lost braces in \itemize; \value handles \item{}{} directly
checkRd: (-1) getKernel.Rd:27-28: Lost braces in \itemize; \value handles \item{}{} directly
Flavors: r-devel-linux-x86_64-debian-clang, r-devel-linux-x86_64-debian-gcc, r-devel-linux-x86_64-fedora-clang, r-devel-linux-x86_64-fedora-gcc, r-devel-windows-x86_64, r-patched-linux-x86_64, r-release-linux-x86_64, r-release-macos-arm64, r-release-macos-x86_64, r-release-windows-x86_64, r-oldrel-macos-arm64, r-oldrel-macos-x86_64, r-oldrel-windows-x86_64
Version: 1.0.3
Check: installed package size
Result: NOTE
installed size is 5.1Mb
sub-directories of 1Mb or more:
libs 4.2Mb
Flavors: r-oldrel-macos-arm64, r-oldrel-macos-x86_64