Last updated on 2025-04-29 13:51:41 CEST.
Flavor | Version | Tinstall | Tcheck | Ttotal | Status | Flags |
---|---|---|---|---|---|---|
r-devel-linux-x86_64-debian-clang | 0.2.5 | 11.27 | 102.42 | 113.69 | NOTE | |
r-devel-linux-x86_64-debian-gcc | 0.2.5 | 7.08 | 71.01 | 78.09 | OK | |
r-devel-linux-x86_64-fedora-clang | 0.2.5 | 162.95 | OK | |||
r-devel-linux-x86_64-fedora-gcc | 0.2.5 | 148.79 | OK | |||
r-devel-windows-x86_64 | 0.2.5 | 14.00 | 119.00 | 133.00 | OK | |
r-patched-linux-x86_64 | 0.2.5 | 11.67 | 93.93 | 105.60 | OK | |
r-release-linux-x86_64 | 0.2.5 | 8.93 | 95.03 | 103.96 | OK | |
r-release-macos-arm64 | 0.2.5 | 49.00 | OK | |||
r-release-macos-x86_64 | 0.2.5 | 74.00 | OK | |||
r-release-windows-x86_64 | 0.2.5 | 13.00 | 117.00 | 130.00 | OK | |
r-oldrel-macos-arm64 | 0.2.5 | 50.00 | OK | |||
r-oldrel-macos-x86_64 | 0.2.5 | 103.00 | OK | |||
r-oldrel-windows-x86_64 | 0.2.5 | 16.00 | 146.00 | 162.00 | OK |
Version: 0.2.5
Check: examples
Result: NOTE
Examples with CPU (user + system) or elapsed time > 5s
user system elapsed
sm_put_together 4.768 0.048 6.015
Flavor: r-devel-linux-x86_64-debian-clang