Last updated on 2025-04-29 13:51:41 CEST.
Flavor | Version | Tinstall | Tcheck | Ttotal | Status | Flags |
---|---|---|---|---|---|---|
r-devel-linux-x86_64-debian-clang | 2.1.1 | 2.23 | 27.90 | 30.13 | NOTE | |
r-devel-linux-x86_64-debian-gcc | 2.1.1 | 1.47 | 22.13 | 23.60 | NOTE | |
r-devel-linux-x86_64-fedora-clang | 2.1.1 | 46.65 | OK | |||
r-devel-linux-x86_64-fedora-gcc | 2.1.1 | 43.10 | OK | |||
r-devel-windows-x86_64 | 2.1.1 | 5.00 | 53.00 | 58.00 | OK | |
r-patched-linux-x86_64 | 2.1.1 | 2.19 | 26.96 | 29.15 | OK | |
r-release-linux-x86_64 | 2.1.1 | 2.21 | 26.71 | 28.92 | OK | |
r-release-macos-arm64 | 2.1.1 | 22.00 | OK | |||
r-release-macos-x86_64 | 2.1.1 | 37.00 | OK | |||
r-release-windows-x86_64 | 2.1.1 | 5.00 | 55.00 | 60.00 | OK | |
r-oldrel-macos-arm64 | 2.1.1 | 20.00 | OK | |||
r-oldrel-macos-x86_64 | 2.1.1 | 31.00 | OK | |||
r-oldrel-windows-x86_64 | 2.1.1 | 5.00 | 56.00 | 61.00 | OK |
Version: 2.1.1
Check: examples
Result: NOTE
Examples with CPU (user + system) or elapsed time > 5s
user system elapsed
snpAIMeR 4.902 0.277 13.985
Flavor: r-devel-linux-x86_64-debian-clang
Version: 2.1.1
Check: examples
Result: NOTE
Examples with CPU (user + system) or elapsed time > 5s
user system elapsed
snpAIMeR 3.582 0.388 10.272
Flavor: r-devel-linux-x86_64-debian-gcc