Last updated on 2024-06-27 10:49:43 CEST.
Flavor | Version | Tinstall | Tcheck | Ttotal | Status | Flags |
---|---|---|---|---|---|---|
r-devel-linux-x86_64-debian-clang | 1.0-20160527 | NOTE | ||||
r-devel-linux-x86_64-debian-gcc | 1.0-20160527 | 2.34 | 24.16 | 26.50 | NOTE | |
r-devel-linux-x86_64-fedora-clang | 1.0-20160527 | 42.86 | NOTE | |||
r-devel-linux-x86_64-fedora-gcc | 1.0-20160527 | 40.37 | NOTE | |||
r-devel-windows-x86_64 | 1.0-20160527 | 3.00 | 52.00 | 55.00 | NOTE | |
r-patched-linux-x86_64 | 1.0-20160527 | 3.22 | 30.26 | 33.48 | NOTE | |
r-release-linux-x86_64 | 1.0-20160527 | 2.83 | 30.46 | 33.29 | NOTE | |
r-release-macos-arm64 | 1.0-20160527 | 20.00 | NOTE | |||
r-release-macos-x86_64 | 1.0-20160527 | 26.00 | NOTE | |||
r-release-windows-x86_64 | 1.0-20160527 | 3.00 | 53.00 | 56.00 | NOTE | |
r-oldrel-macos-arm64 | 1.0-20160527 | 19.00 | NOTE | |||
r-oldrel-macos-x86_64 | 1.0-20160527 | 25.00 | NOTE | |||
r-oldrel-windows-x86_64 | 1.0-20160527 | 5.00 | 54.00 | 59.00 | NOTE |
Version: 1.0-20160527
Check: LazyData
Result: NOTE
'LazyData' is specified without a 'data' directory
Flavors: r-devel-linux-x86_64-debian-clang, r-devel-linux-x86_64-debian-gcc, r-devel-linux-x86_64-fedora-clang, r-devel-linux-x86_64-fedora-gcc, r-devel-windows-x86_64, r-patched-linux-x86_64, r-release-linux-x86_64, r-release-macos-arm64, r-release-macos-x86_64, r-release-windows-x86_64, r-oldrel-macos-arm64, r-oldrel-macos-x86_64, r-oldrel-windows-x86_64