Last updated on 2024-07-13 05:49:27 CEST.
Flavor | Version | Tinstall | Tcheck | Ttotal | Status | Flags |
---|---|---|---|---|---|---|
r-devel-linux-x86_64-debian-clang | 1.2.0 | 9.76 | 83.39 | 93.15 | NOTE | |
r-devel-linux-x86_64-debian-gcc | 1.2.0 | 7.05 | 61.78 | 68.83 | NOTE | |
r-devel-linux-x86_64-fedora-clang | 1.2.0 | 118.47 | NOTE | |||
r-devel-linux-x86_64-fedora-gcc | 1.2.0 | 123.09 | NOTE | |||
r-devel-windows-x86_64 | 1.2.0 | 9.00 | 124.00 | 133.00 | NOTE | |
r-patched-linux-x86_64 | 1.2.0 | 12.01 | 80.41 | 92.42 | NOTE | |
r-release-linux-x86_64 | 1.2.0 | 9.16 | 78.12 | 87.28 | NOTE | |
r-release-macos-arm64 | 1.2.0 | 46.00 | NOTE | |||
r-release-macos-x86_64 | 1.2.0 | 64.00 | NOTE | |||
r-release-windows-x86_64 | 1.2.0 | 10.00 | 125.00 | 135.00 | NOTE | |
r-oldrel-macos-arm64 | 1.2.0 | 48.00 | OK | |||
r-oldrel-macos-x86_64 | 1.2.0 | 69.00 | OK | |||
r-oldrel-windows-x86_64 | 1.2.0 | 11.00 | 133.00 | 144.00 | OK |
Version: 1.2.0
Check: Rd files
Result: NOTE
checkRd: (-1) solr_mlt.Rd:70: Lost braces; missing escapes or markup?
70 | TermVector DEFAULT_FIELD_NAMES = new String[] {"contents"}
| ^
Flavors: r-devel-linux-x86_64-debian-clang, r-devel-linux-x86_64-debian-gcc, r-devel-linux-x86_64-fedora-clang, r-devel-linux-x86_64-fedora-gcc, r-devel-windows-x86_64, r-patched-linux-x86_64, r-release-linux-x86_64, r-release-macos-arm64, r-release-macos-x86_64, r-release-windows-x86_64
Version: 1.2.0
Check: Rd cross-references
Result: NOTE
Undeclared package ‘XML’ in Rd xrefs
Flavor: r-devel-linux-x86_64-fedora-clang