CRAN Package Check Results for Package soundecology

Last updated on 2025-04-29 13:51:41 CEST.

Flavor Version Tinstall Tcheck Ttotal Status Flags
r-devel-linux-x86_64-debian-clang 1.3.3 9.70 89.52 99.22 NOTE
r-devel-linux-x86_64-debian-gcc 1.3.3 7.44 65.59 73.03 NOTE
r-devel-linux-x86_64-fedora-clang 1.3.3 158.59 OK
r-devel-linux-x86_64-fedora-gcc 1.3.3 179.54 OK
r-devel-windows-x86_64 1.3.3 11.00 96.00 107.00 OK
r-patched-linux-x86_64 1.3.3 10.41 85.17 95.58 OK
r-release-linux-x86_64 1.3.3 9.18 85.57 94.75 OK
r-release-macos-arm64 1.3.3 65.00 OK
r-release-macos-x86_64 1.3.3 109.00 OK
r-release-windows-x86_64 1.3.3 11.00 95.00 106.00 OK
r-oldrel-macos-arm64 1.3.3 55.00 OK
r-oldrel-macos-x86_64 1.3.3 87.00 OK
r-oldrel-windows-x86_64 1.3.3 14.00 117.00 131.00 OK

Check Details

Version: 1.3.3
Check: CRAN incoming feasibility
Result: NOTE Maintainer: ‘Luis J. Villanueva-Rivera <ljvillanueva@coquipr.com>’ No Authors@R field in DESCRIPTION. Please add one, modifying Authors@R: c(person(given = c("Luis", "J."), family = "Villanueva-Rivera", role = c("aut", "cre"), email = "ljvillanueva@coquipr.com"), person(given = c("Bryan", "C."), family = "Pijanowski", role = "aut")) as necessary. Flavors: r-devel-linux-x86_64-debian-clang, r-devel-linux-x86_64-debian-gcc