Last updated on 2024-07-13 05:49:27 CEST.
Flavor | Version | Tinstall | Tcheck | Ttotal | Status | Flags |
---|---|---|---|---|---|---|
r-devel-linux-x86_64-debian-clang | 1.1 | 42.40 | 110.08 | 152.48 | OK | |
r-devel-linux-x86_64-debian-gcc | 1.1 | 36.25 | 82.10 | 118.35 | OK | |
r-devel-linux-x86_64-fedora-clang | 1.1 | 196.05 | OK | |||
r-devel-linux-x86_64-fedora-gcc | 1.1 | 213.66 | WARN | |||
r-devel-windows-x86_64 | 1.1 | 41.00 | 115.00 | 156.00 | OK | |
r-patched-linux-x86_64 | 1.1 | 38.66 | 104.85 | 143.51 | OK | |
r-release-linux-x86_64 | 1.1 | 41.07 | 103.26 | 144.33 | OK | |
r-release-macos-arm64 | 1.1 | 51.00 | OK | |||
r-release-macos-x86_64 | 1.1 | 84.00 | OK | |||
r-release-windows-x86_64 | 1.1 | 41.00 | 118.00 | 159.00 | OK | |
r-oldrel-macos-arm64 | 1.1 | 59.00 | OK | |||
r-oldrel-macos-x86_64 | 1.1 | 105.00 | OK | |||
r-oldrel-windows-x86_64 | 1.1 | 53.00 | 145.00 | 198.00 | OK |
Version: 1.1
Check: whether package can be installed
Result: WARN
Found the following significant warnings:
../inst/include/linalg/linalg.h:535:22: warning: template-id not allowed for constructor in C++20 [-Wtemplate-id-cdtor]
../inst/include/linalg/linalg.h:563:22: warning: template-id not allowed for constructor in C++20 [-Wtemplate-id-cdtor]
../inst/include/prox/fista.h:267:57: warning: template-id not allowed for constructor in C++20 [-Wtemplate-id-cdtor]
../inst/include/prox/fista.h:292:33: warning: template-id not allowed for constructor in C++20 [-Wtemplate-id-cdtor]
../inst/include/prox/fista.h:355:38: warning: template-id not allowed for constructor in C++20 [-Wtemplate-id-cdtor]
../inst/include/prox/fista.h:488:31: warning: template-id not allowed for constructor in C++20 [-Wtemplate-id-cdtor]
../inst/include/prox/fista.h:585:34: warning: template-id not allowed for constructor in C++20 [-Wtemplate-id-cdtor]
../inst/include/prox/fista.h:681:41: warning: template-id not allowed for constructor in C++20 [-Wtemplate-id-cdtor]
../inst/include/prox/fista.h:792:37: warning: template-id not allowed for constructor in C++20 [-Wtemplate-id-cdtor]
../inst/include/prox/fista.h:863:36: warning: template-id not allowed for constructor in C++20 [-Wtemplate-id-cdtor]
../inst/include/prox/fista.h:919:32: warning: template-id not allowed for constructor in C++20 [-Wtemplate-id-cdtor]
../inst/include/prox/fista.h:995:34: warning: template-id not allowed for constructor in C++20 [-Wtemplate-id-cdtor]
../inst/include/prox/fista.h:1073:37: warning: template-id not allowed for constructor in C++20 [-Wtemplate-id-cdtor]
../inst/include/prox/fista.h:1164:38: warning: template-id not allowed for constructor in C++20 [-Wtemplate-id-cdtor]
../inst/include/dictLearn/dicts.h:214:26: warning: template-id not allowed for constructor in C++20 [-Wtemplate-id-cdtor]
See ‘/data/gannet/ripley/R/packages/tests-devel/sox.Rcheck/00install.out’ for details.
* used C++ compiler: ‘g++-14 (GCC) 14.1.0’
Flavor: r-devel-linux-x86_64-fedora-gcc