Last updated on 2024-06-27 16:49:16 CEST.
Flavor | Version | Tinstall | Tcheck | Ttotal | Status | Flags |
---|---|---|---|---|---|---|
r-devel-linux-x86_64-debian-clang | 1.3 | OK | ||||
r-devel-linux-x86_64-debian-gcc | 1.3 | 181.94 | 70.08 | 252.02 | OK | |
r-devel-linux-x86_64-fedora-clang | 1.3 | 523.08 | OK | |||
r-devel-linux-x86_64-fedora-gcc | 1.3 | 551.46 | OK | |||
r-devel-windows-x86_64 | 1.3 | 206.00 | 103.00 | 309.00 | OK | |
r-patched-linux-x86_64 | 1.3 | 224.93 | 88.55 | 313.48 | OK | |
r-release-linux-x86_64 | 1.3 | 223.22 | 90.42 | 313.64 | OK | |
r-release-macos-arm64 | 1.3 | 102.00 | NOTE | |||
r-release-macos-x86_64 | 1.3 | 153.00 | NOTE | |||
r-release-windows-x86_64 | 1.3 | 216.00 | 103.00 | 319.00 | OK | |
r-oldrel-macos-arm64 | 1.3 | 124.00 | NOTE | |||
r-oldrel-macos-x86_64 | 1.3 | 178.00 | NOTE | |||
r-oldrel-windows-x86_64 | 1.3 | 256.00 | 118.00 | 374.00 | OK |
Version: 1.3
Check: installed package size
Result: NOTE
installed size is 13.4Mb
sub-directories of 1Mb or more:
data 3.3Mb
libs 9.5Mb
Flavors: r-release-macos-arm64, r-release-macos-x86_64, r-oldrel-macos-arm64, r-oldrel-macos-x86_64