Last updated on 2024-06-27 16:49:16 CEST.
Flavor | Version | Tinstall | Tcheck | Ttotal | Status | Flags |
---|---|---|---|---|---|---|
r-devel-linux-x86_64-debian-clang | 0.4.4.3 | OK | ||||
r-devel-linux-x86_64-debian-gcc | 0.4.4.3 | 185.19 | 263.54 | 448.73 | OK | |
r-devel-linux-x86_64-fedora-clang | 0.4.4.3 | 840.84 | NOTE | |||
r-devel-linux-x86_64-fedora-gcc | 0.4.4.3 | 919.68 | OK | |||
r-devel-windows-x86_64 | 0.4.4.3 | 211.00 | 291.00 | 502.00 | NOTE | |
r-patched-linux-x86_64 | 0.4.4.3 | 230.46 | 350.02 | 580.48 | OK | |
r-release-linux-x86_64 | 0.4.4.3 | 228.88 | 347.80 | 576.68 | OK | |
r-release-macos-arm64 | 0.4.4.3 | 182.00 | NOTE | |||
r-release-macos-x86_64 | 0.4.4.3 | 413.00 | NOTE | |||
r-release-windows-x86_64 | 0.4.4.3 | 196.00 | 316.00 | 512.00 | NOTE | |
r-oldrel-macos-arm64 | 0.4.4.3 | 227.00 | NOTE | |||
r-oldrel-macos-x86_64 | 0.4.4.3 | 416.00 | NOTE | |||
r-oldrel-windows-x86_64 | 0.4.4.3 | 259.00 | 379.00 | 638.00 | NOTE |
Version: 0.4.4.3
Check: installed package size
Result: NOTE
installed size is 6.0Mb
sub-directories of 1Mb or more:
extdata 2.6Mb
Flavors: r-devel-linux-x86_64-fedora-clang, r-devel-windows-x86_64, r-release-macos-arm64, r-release-macos-x86_64, r-release-windows-x86_64, r-oldrel-macos-arm64, r-oldrel-macos-x86_64, r-oldrel-windows-x86_64