Last updated on 2025-04-29 13:51:41 CEST.
Flavor | Version | Tinstall | Tcheck | Ttotal | Status | Flags |
---|---|---|---|---|---|---|
r-devel-linux-x86_64-debian-clang | 0.8.0 | 150.47 | 353.45 | 503.92 | NOTE | |
r-devel-linux-x86_64-debian-gcc | 0.8.0 | 98.21 | 213.30 | 311.51 | OK | |
r-devel-linux-x86_64-fedora-clang | 0.8.0 | 857.48 | OK | |||
r-devel-linux-x86_64-fedora-gcc | 0.8.0 | 798.03 | OK | |||
r-devel-windows-x86_64 | 0.8.0 | 158.00 | 345.00 | 503.00 | OK | |
r-patched-linux-x86_64 | 0.8.0 | 150.61 | 324.84 | 475.45 | OK | |
r-release-linux-x86_64 | 0.8.0 | 153.54 | 336.07 | 489.61 | OK | |
r-release-macos-arm64 | 0.8.0 | 182.00 | OK | |||
r-release-macos-x86_64 | 0.8.0 | 368.00 | OK | |||
r-release-windows-x86_64 | 0.8.0 | 160.00 | 348.00 | 508.00 | OK | |
r-oldrel-macos-arm64 | 0.8.0 | 174.00 | NOTE | |||
r-oldrel-macos-x86_64 | 0.8.0 | 320.00 | NOTE | |||
r-oldrel-windows-x86_64 | 0.8.0 | 187.00 | 444.00 | 631.00 | OK |
Version: 0.8.0
Check: examples
Result: NOTE
Examples with CPU (user + system) or elapsed time > 5s
user system elapsed
predict.lfMsPGOcc 3.62 0.02 5.056
Flavor: r-devel-linux-x86_64-debian-clang
Version: 0.8.0
Check: installed package size
Result: NOTE
installed size is 6.6Mb
sub-directories of 1Mb or more:
R 2.0Mb
libs 3.2Mb
Flavors: r-oldrel-macos-arm64, r-oldrel-macos-x86_64