Last updated on 2025-11-16 06:49:56 CET.
| Flavor | Version | Tinstall | Tcheck | Ttotal | Status | Flags |
|---|---|---|---|---|---|---|
| r-devel-linux-x86_64-debian-clang | 1.9.2 | 28.31 | 175.51 | 203.82 | NOTE | |
| r-devel-linux-x86_64-debian-gcc | 1.9.2 | 18.16 | 122.25 | 140.41 | OK | |
| r-devel-linux-x86_64-fedora-clang | 1.9.2 | 118.00 | 244.35 | 362.35 | OK | |
| r-devel-linux-x86_64-fedora-gcc | 1.9.2 | 141.00 | 195.63 | 336.63 | OK | |
| r-devel-windows-x86_64 | 1.9.2 | 42.00 | 203.00 | 245.00 | NOTE | |
| r-patched-linux-x86_64 | 1.9.2 | 39.06 | 163.05 | 202.11 | OK | |
| r-release-linux-x86_64 | 1.9.2 | 24.77 | 161.22 | 185.99 | OK | |
| r-release-macos-arm64 | 1.9.2 | 14.00 | 60.00 | 74.00 | OK | |
| r-release-macos-x86_64 | 1.9.2 | 30.00 | 139.00 | 169.00 | OK | |
| r-release-windows-x86_64 | 1.9.2 | 41.00 | 200.00 | 241.00 | OK | |
| r-oldrel-macos-arm64 | 1.9.2 | 15.00 | 64.00 | 79.00 | NOTE | |
| r-oldrel-macos-x86_64 | 1.9.2 | 34.00 | 126.00 | 160.00 | NOTE | |
| r-oldrel-windows-x86_64 | 1.9.2 | 53.00 | 234.00 | 287.00 | OK |
Version: 1.9.2
Check: Rd files
Result: NOTE
checkRd: (-1) invoke.Rd:33-37: Only 3 columns allowed in this table (row 1 has 2)
checkRd: (-1) invoke.Rd:33-37: Only 3 columns allowed in this table (row 2 has 2)
checkRd: (-1) invoke.Rd:33-37: Only 3 columns allowed in this table (row 3 has 2)
Flavors: r-devel-linux-x86_64-debian-clang, r-devel-windows-x86_64
Version: 1.9.2
Check: installed package size
Result: NOTE
installed size is 5.2Mb
sub-directories of 1Mb or more:
R 2.1Mb
java 1.9Mb
Flavors: r-oldrel-macos-arm64, r-oldrel-macos-x86_64