Last updated on 2025-11-16 00:48:46 CET.
| Flavor | Version | Tinstall | Tcheck | Ttotal | Status | Flags |
|---|---|---|---|---|---|---|
| r-devel-linux-x86_64-debian-clang | 0.3.3.7 | 22.99 | 81.68 | 104.67 | NOTE | |
| r-devel-linux-x86_64-debian-gcc | 0.3.3.7 | 16.04 | 61.78 | 77.82 | NOTE | |
| r-devel-linux-x86_64-fedora-clang | 0.3.3.7 | 65.00 | 104.54 | 169.54 | NOTE | |
| r-devel-linux-x86_64-fedora-gcc | 0.3.3.7 | 59.00 | 115.51 | 174.51 | NOTE | |
| r-devel-windows-x86_64 | 0.3.3.7 | 35.00 | 129.00 | 164.00 | NOTE | |
| r-patched-linux-x86_64 | 0.3.3.7 | 23.28 | 79.62 | 102.90 | NOTE | |
| r-release-linux-x86_64 | 0.3.3.7 | 23.32 | 80.33 | 103.65 | NOTE | |
| r-release-macos-arm64 | 0.3.3.7 | 12.00 | 58.00 | 70.00 | NOTE | |
| r-release-macos-x86_64 | 0.3.3.7 | 18.00 | 93.00 | 111.00 | NOTE | |
| r-release-windows-x86_64 | 0.3.3.7 | 27.00 | 125.00 | 152.00 | NOTE | |
| r-oldrel-macos-arm64 | 0.3.3.7 | 12.00 | 45.00 | 57.00 | NOTE | |
| r-oldrel-macos-x86_64 | 0.3.3.7 | 13.00 | 74.00 | 87.00 | NOTE | |
| r-oldrel-windows-x86_64 | 0.3.3.7 | 37.00 | 148.00 | 185.00 | NOTE |
Version: 0.3.3.7
Check: C++ specification
Result: NOTE
Specified C++11: please drop specification unless essential
Flavors: r-devel-linux-x86_64-debian-clang, r-devel-linux-x86_64-debian-gcc, r-devel-linux-x86_64-fedora-clang, r-devel-linux-x86_64-fedora-gcc, r-devel-windows-x86_64, r-patched-linux-x86_64, r-release-linux-x86_64, r-release-macos-arm64, r-release-macos-x86_64, r-release-windows-x86_64, r-oldrel-macos-arm64, r-oldrel-macos-x86_64, r-oldrel-windows-x86_64
Version: 0.3.3.7
Check: Rd files
Result: NOTE
checkRd: (-1) Coord.to.Pointers.Rd:54: Lost braces; missing escapes or markup?
54 | \item{triangle=TRUE}{Input \code{rows} and {cols} represent lower
| ^
checkRd: (-1) Coord.to.Pointers.Rd:59: Lost braces; missing escapes or markup?
59 | \item{triangle=FALSE}{Input \code{rows} and {cols} represent a full
| ^
Flavors: r-devel-linux-x86_64-debian-clang, r-devel-linux-x86_64-debian-gcc, r-devel-linux-x86_64-fedora-clang, r-devel-linux-x86_64-fedora-gcc, r-devel-windows-x86_64, r-patched-linux-x86_64, r-release-linux-x86_64, r-release-macos-arm64, r-release-macos-x86_64, r-release-windows-x86_64, r-oldrel-macos-arm64, r-oldrel-macos-x86_64, r-oldrel-windows-x86_64
Version: 0.3.3.7
Check: CRAN incoming feasibility
Result: NOTE
Maintainer: ‘Michael Braun <braunm@smu.edu>’
The BugReports field in DESCRIPTION has
https://github.com/braunm/sparseHessianFD/issues/
which should likely be
https://github.com/braunm/sparseHessianFD/issues/issues
instead.
Flavor: r-devel-linux-x86_64-debian-gcc