Last updated on 2024-07-13 05:49:27 CEST.
Flavor | Version | Tinstall | Tcheck | Ttotal | Status | Flags |
---|---|---|---|---|---|---|
r-devel-linux-x86_64-debian-clang | 1.1.2 | 480.34 | 53.72 | 534.06 | OK | |
r-devel-linux-x86_64-debian-gcc | 1.1.2 | 319.90 | 39.26 | 359.16 | OK | |
r-devel-linux-x86_64-fedora-clang | 1.1.3 | 865.36 | NOTE | |||
r-devel-linux-x86_64-fedora-gcc | 1.1.3 | 842.72 | NOTE | |||
r-devel-windows-x86_64 | 1.1.3 | 284.00 | 84.00 | 368.00 | OK | |
r-patched-linux-x86_64 | 1.1.2 | 400.95 | 51.20 | 452.15 | OK | |
r-release-linux-x86_64 | 1.1.2 | 384.89 | 51.76 | 436.65 | OK | |
r-release-macos-arm64 | 1.1.3 | 79.00 | ERROR | |||
r-release-macos-x86_64 | 1.1.3 | 43.00 | ERROR | |||
r-release-windows-x86_64 | 1.1.2 | 330.00 | 89.00 | 419.00 | OK | |
r-oldrel-macos-arm64 | 1.1.2 | 24.00 | ERROR | |||
r-oldrel-macos-x86_64 | 1.1.2 | 45.00 | ERROR | |||
r-oldrel-windows-x86_64 | 1.1.2 | 322.00 | 105.00 | 427.00 | OK |
Version: 1.1.3
Check: dependencies in R code
Result: NOTE
Namespaces in Imports field not imported from:
‘Rcpp’ ‘base’ ‘utils’
All declared Imports should be used.
Flavors: r-devel-linux-x86_64-fedora-clang, r-devel-linux-x86_64-fedora-gcc
Version: 1.1.3
Check: whether package can be installed
Result: ERROR
Installation failed.
Flavors: r-release-macos-arm64, r-release-macos-x86_64
Version: 1.1.2
Check: whether package can be installed
Result: ERROR
Installation failed.
Flavors: r-oldrel-macos-arm64, r-oldrel-macos-x86_64