CRAN Package Check Results for Package spatialCovariance

Last updated on 2025-05-18 08:50:30 CEST.

Flavor Version Tinstall Tcheck Ttotal Status Flags
r-devel-linux-x86_64-debian-clang 0.6-9 4.18 25.73 29.91 NOTE
r-devel-linux-x86_64-debian-gcc 0.6-9 2.71 19.05 21.76 NOTE
r-devel-linux-x86_64-fedora-clang 0.6-9 48.24 OK
r-devel-linux-x86_64-fedora-gcc 0.6-9 44.11 OK
r-devel-windows-x86_64 0.6-9 5.00 41.00 46.00 OK
r-patched-linux-x86_64 0.6-9 3.82 24.47 28.29 OK
r-release-linux-x86_64 0.6-9 4.10 24.48 28.58 OK
r-release-macos-arm64 0.6-9 17.00 OK
r-release-macos-x86_64 0.6-9 29.00 OK
r-release-windows-x86_64 0.6-9 5.00 45.00 50.00 OK
r-oldrel-macos-arm64 0.6-9 22.00 OK
r-oldrel-macos-x86_64 0.6-9 26.00 OK
r-oldrel-windows-x86_64 0.6-9 4.00 40.00 44.00 OK

Check Details

Version: 0.6-9
Check: CRAN incoming feasibility
Result: NOTE Maintainer: ‘David Clifford <david.clifford+CRAN@gmail.com>’ No Authors@R field in DESCRIPTION. Please add one, modifying Authors@R: person(given = "David", family = "Clifford", role = c("aut", "cre"), email = "david.clifford+CRAN@gmail.com") as necessary. Flavors: r-devel-linux-x86_64-debian-clang, r-devel-linux-x86_64-debian-gcc