Last updated on 2025-11-16 06:49:56 CET.
| Flavor | Version | Tinstall | Tcheck | Ttotal | Status | Flags |
|---|---|---|---|---|---|---|
| r-devel-linux-x86_64-debian-clang | 1.4-2 | 26.88 | 375.32 | 402.20 | OK | |
| r-devel-linux-x86_64-debian-gcc | 1.4-2 | 18.36 | 248.18 | 266.54 | NOTE | |
| r-devel-linux-x86_64-fedora-clang | 1.4-2 | 59.00 | 585.87 | 644.87 | OK | |
| r-devel-linux-x86_64-fedora-gcc | 1.4-2 | 62.00 | 602.91 | 664.91 | OK | |
| r-devel-windows-x86_64 | 1.4-2 | 35.00 | 353.00 | 388.00 | OK | |
| r-patched-linux-x86_64 | 1.4-2 | 27.21 | 367.59 | 394.80 | OK | |
| r-release-linux-x86_64 | 1.4-2 | 24.93 | 364.23 | 389.16 | OK | |
| r-release-macos-arm64 | 1.4-2 | 13.00 | 147.00 | 160.00 | OK | |
| r-release-macos-x86_64 | 1.4-2 | 31.00 | 475.00 | 506.00 | OK | |
| r-release-windows-x86_64 | 1.4-2 | 30.00 | 352.00 | 382.00 | OK | |
| r-oldrel-macos-arm64 | 1.4-2 | 13.00 | 151.00 | 164.00 | OK | |
| r-oldrel-macos-x86_64 | 1.4-2 | 28.00 | 463.00 | 491.00 | OK | |
| r-oldrel-windows-x86_64 | 1.4-2 | 38.00 | 487.00 | 525.00 | OK |
Version: 1.4-2
Check: CRAN incoming feasibility
Result: NOTE
Maintainer: ‘Roger Bivand <Roger.Bivand@nhh.no>’
The BugReports field in DESCRIPTION has
https://github.com/r-spatial/spatialreg/issues/
which should likely be
https://github.com/r-spatial/spatialreg/issues/issues
instead.
Flavor: r-devel-linux-x86_64-debian-gcc