CRAN Package Check Results for Package spatstat.Knet

Last updated on 2025-10-02 16:48:53 CEST.

Flavor Version Tinstall Tcheck Ttotal Status Flags
r-devel-linux-x86_64-debian-clang 3.1-2 9.69 83.93 93.62 OK
r-devel-linux-x86_64-debian-gcc 3.1-2 8.06 63.73 71.79 OK
r-devel-linux-x86_64-fedora-clang 3.1-2 148.98 OK
r-devel-linux-x86_64-fedora-gcc 3.1-2 147.96 OK
r-devel-windows-x86_64 3.1-2 16.00 94.00 110.00 OK
r-patched-linux-x86_64 3.1-2 10.39 80.62 91.01 OK
r-release-linux-x86_64 3.1-2 10.13 80.74 90.87 OK
r-release-macos-arm64 3.1-2 42.00 OK
r-release-macos-x86_64 3.1-2 88.00 OK
r-release-windows-x86_64 3.1-2 16.00 91.00 107.00 OK
r-oldrel-macos-arm64 3.1-2 45.00 NOTE
r-oldrel-macos-x86_64 3.1-2 103.00 NOTE
r-oldrel-windows-x86_64 3.1-2 18.00 114.00 132.00 NOTE

Check Details

Version: 3.1-2
Check: package dependencies
Result: NOTE Depends: includes the non-default packages: 'spatstat.data', 'spatstat.sparse', 'spatstat.univar', 'spatstat.geom', 'spatstat.random', 'spatstat.explore', 'spatstat.model', 'spatstat.linnet', 'spatstat' Adding so many packages to the search path is excessive and importing selectively is preferable. Flavors: r-oldrel-macos-arm64, r-oldrel-macos-x86_64, r-oldrel-windows-x86_64