Last updated on 2024-06-27 16:49:16 CEST.
Flavor | Version | Tinstall | Tcheck | Ttotal | Status | Flags |
---|---|---|---|---|---|---|
r-devel-linux-x86_64-debian-clang | 0.4-2 | NOTE | ||||
r-devel-linux-x86_64-debian-gcc | 0.4-2 | 11.15 | 154.79 | 165.94 | NOTE | |
r-devel-linux-x86_64-fedora-clang | 0.4-2 | 289.81 | NOTE | |||
r-devel-linux-x86_64-fedora-gcc | 0.4-2 | 291.58 | NOTE | |||
r-devel-windows-x86_64 | 0.4-2 | 12.00 | 152.00 | 164.00 | NOTE | |
r-patched-linux-x86_64 | 0.4-2 | 20.84 | 216.00 | 236.84 | NOTE | |
r-release-linux-x86_64 | 0.4-2 | 10.54 | 213.79 | 224.33 | NOTE | |
r-release-macos-arm64 | 0.4-2 | 86.00 | NOTE | |||
r-release-macos-x86_64 | 0.4-2 | 129.00 | NOTE | |||
r-release-windows-x86_64 | 0.4-2 | 13.00 | 156.00 | 169.00 | NOTE | |
r-oldrel-macos-arm64 | 0.4-2 | 85.00 | OK | |||
r-oldrel-macos-x86_64 | 0.4-2 | 175.00 | OK | |||
r-oldrel-windows-x86_64 | 0.4-2 | 17.00 | 200.00 | 217.00 | OK |
Version: 0.4-2
Check: Rd files
Result: NOTE
checkRd: (-1) NEWS.Rd:137: Escaped LaTeX specials: \&
Flavors: r-devel-linux-x86_64-debian-clang, r-devel-linux-x86_64-debian-gcc, r-devel-linux-x86_64-fedora-clang, r-devel-linux-x86_64-fedora-gcc, r-devel-windows-x86_64, r-patched-linux-x86_64, r-release-linux-x86_64, r-release-macos-arm64, r-release-macos-x86_64, r-release-windows-x86_64